Last updated on 2025-10-30 02:49:03 CET.
| Flavor | Version | Tinstall | Tcheck | Ttotal | Status | Flags | 
|---|---|---|---|---|---|---|
| r-devel-linux-x86_64-debian-clang | 1.4 | 12.19 | 155.62 | 167.81 | NOTE | |
| r-devel-linux-x86_64-debian-gcc | 1.4 | 9.80 | 108.95 | 118.75 | NOTE | |
| r-devel-linux-x86_64-fedora-clang | 1.4 | 32.00 | 231.07 | 263.07 | OK | |
| r-devel-linux-x86_64-fedora-gcc | 1.4 | 30.00 | 223.03 | 253.03 | OK | |
| r-devel-windows-x86_64 | 1.4 | 15.00 | 149.00 | 164.00 | OK | |
| r-patched-linux-x86_64 | 1.4 | 12.82 | 144.93 | 157.75 | OK | |
| r-release-linux-x86_64 | 1.4 | 14.06 | 148.33 | 162.39 | OK | |
| r-release-macos-arm64 | 1.4 | 10.00 | 74.00 | 84.00 | OK | |
| r-release-macos-x86_64 | 1.4 | 12.00 | 128.00 | 140.00 | OK | |
| r-release-windows-x86_64 | 1.4 | 17.00 | 153.00 | 170.00 | OK | |
| r-oldrel-macos-arm64 | 1.4 | 7.00 | 63.00 | 70.00 | OK | |
| r-oldrel-macos-x86_64 | 1.4 | 14.00 | 110.00 | 124.00 | OK | |
| r-oldrel-windows-x86_64 | 1.4 | 22.00 | 200.00 | 222.00 | OK | 
Version: 1.4
Check: CRAN incoming feasibility
Result: NOTE
  Maintainer: ‘Ho Tsung-wu <tsungwu@ntnu.edu.tw>’
  
  No Authors@R field in DESCRIPTION.
  Please add one, modifying
    Authors@R: person(given = "Ho",
                      family = "Tsung-wu",
                      role = c("aut", "cre"),
                      email = "tsungwu@ntnu.edu.tw")
  as necessary.
Flavors: r-devel-linux-x86_64-debian-clang, r-devel-linux-x86_64-debian-gcc