Last updated on 2025-10-30 02:49:02 CET.
| Flavor | Version | Tinstall | Tcheck | Ttotal | Status | Flags | 
|---|---|---|---|---|---|---|
| r-devel-linux-x86_64-debian-clang | 1.2.1 | 1.52 | 23.89 | 25.41 | NOTE | |
| r-devel-linux-x86_64-debian-gcc | 1.2.1 | 1.38 | 19.31 | 20.69 | NOTE | |
| r-devel-linux-x86_64-fedora-clang | 1.2.1 | 37.06 | OK | |||
| r-devel-linux-x86_64-fedora-gcc | 1.2.1 | 33.86 | OK | |||
| r-devel-windows-x86_64 | 1.2.1 | 3.00 | 47.00 | 50.00 | OK | |
| r-patched-linux-x86_64 | 1.2.1 | 1.82 | 22.49 | 24.31 | OK | |
| r-release-linux-x86_64 | 1.2.1 | 1.57 | 22.11 | 23.68 | OK | |
| r-release-macos-arm64 | 1.2.1 | 1.00 | 18.00 | 19.00 | OK | |
| r-release-macos-x86_64 | 1.2.1 | 2.00 | 25.00 | 27.00 | OK | |
| r-release-windows-x86_64 | 1.2.1 | 3.00 | 48.00 | 51.00 | OK | |
| r-oldrel-macos-arm64 | 1.2.1 | 1.00 | 22.00 | 23.00 | OK | |
| r-oldrel-macos-x86_64 | 1.2.1 | 2.00 | 20.00 | 22.00 | OK | |
| r-oldrel-windows-x86_64 | 1.2.1 | 3.00 | 48.00 | 51.00 | OK | 
Version: 1.2.1
Check: CRAN incoming feasibility
Result: NOTE
  Maintainer: ‘Horst Lewitschnig <Horst.Lewitschnig@infineon.com>’
  
  No Authors@R field in DESCRIPTION.
  Please add one, modifying
    Authors@R: c(person(given = "Horst",
                        family = "Lewitschnig",
                        role = c("aut", "cre"),
                        email = "horst.lewitschnig@infineon.com"),
                 person(given = "David",
                        family = "Lenzi",
                        role = "aut"))
  as necessary.
Flavors: r-devel-linux-x86_64-debian-clang, r-devel-linux-x86_64-debian-gcc