Last updated on 2025-10-30 02:49:02 CET.
| Flavor | Version | Tinstall | Tcheck | Ttotal | Status | Flags | 
|---|---|---|---|---|---|---|
| r-devel-linux-x86_64-debian-clang | 1.1.14.1 | 9.36 | 21.10 | 30.46 | NOTE | |
| r-devel-linux-x86_64-debian-gcc | 1.1.14.1 | 6.25 | 17.96 | 24.21 | NOTE | |
| r-devel-linux-x86_64-fedora-clang | 1.1.14.1 | 21.00 | 28.75 | 49.75 | NOTE | |
| r-devel-linux-x86_64-fedora-gcc | 1.1.14.1 | 22.00 | 22.89 | 44.89 | NOTE | |
| r-devel-windows-x86_64 | 1.1.14.1 | 14.00 | 41.00 | 55.00 | NOTE | |
| r-patched-linux-x86_64 | 1.1.14.1 | 9.43 | 20.04 | 29.47 | NOTE | |
| r-release-linux-x86_64 | 1.1.14.1 | 9.67 | 20.16 | 29.83 | NOTE | |
| r-release-macos-arm64 | 1.1.14.1 | 5.00 | 15.00 | 20.00 | NOTE | |
| r-release-macos-x86_64 | 1.1.14.1 | 7.00 | 24.00 | 31.00 | NOTE | |
| r-release-windows-x86_64 | 1.1.14.1 | 14.00 | 43.00 | 57.00 | NOTE | |
| r-oldrel-macos-arm64 | 1.1.14.1 | 4.00 | 20.00 | 24.00 | OK | |
| r-oldrel-macos-x86_64 | 1.1.14.1 | 7.00 | 29.00 | 36.00 | OK | |
| r-oldrel-windows-x86_64 | 1.1.14.1 | 16.00 | 47.00 | 63.00 | OK | 
Version: 1.1.14.1
Check: CRAN incoming feasibility
Result: NOTE
  Maintainer: ‘Sylvain Gubian <DL.RSupport@pmi.com>’
  
  No Authors@R field in DESCRIPTION.
  Please add one, modifying
    Authors@R: c(person(given = "Sylvain",
                        family = "Gubian",
                        role = c("aut", "cre"),
                        email = "dl.rsupport@pmi.com"),
                 person(given = "Yang",
                        family = "Xiang",
                        role = "aut"),
                 person(given = "Brian",
                        family = "Suomela",
                        role = "aut"),
                 person(given = "Julia",
                        family = "Hoeng",
                        role = "aut"),
                 person(given = "PMP",
                        family = "SA.",
                        role = "aut"))
  as necessary.
Flavors: r-devel-linux-x86_64-debian-clang, r-devel-linux-x86_64-debian-gcc
Version: 1.1.14.1
Check: compiled code
Result: NOTE
  File ‘GenSA/libs/GenSA.so’:
    Found non-API call to R: ‘SET_TYPEOF’
  
  Compiled code should not call non-API entry points in R.
  
  See ‘Writing portable packages’ in the ‘Writing R Extensions’ manual,
  and section ‘Moving into C API compliance’ for issues with the use of
  non-API entry points.
Flavors: r-devel-linux-x86_64-debian-clang, r-devel-linux-x86_64-debian-gcc, r-devel-linux-x86_64-fedora-clang, r-devel-linux-x86_64-fedora-gcc, r-patched-linux-x86_64, r-release-linux-x86_64, r-release-macos-arm64, r-release-macos-x86_64
Version: 1.1.14.1
Check: compiled code
Result: NOTE
  File 'GenSA/libs/x64/GenSA.dll':
    Found non-API call to R: 'SET_TYPEOF'
  
  Compiled code should not call non-API entry points in R.
  
  See 'Writing portable packages' in the 'Writing R Extensions' manual,
  and section 'Moving into C API compliance' for issues with the use of
  non-API entry points.
Flavors: r-devel-windows-x86_64, r-release-windows-x86_64