Last updated on 2025-10-30 02:49:02 CET.
| Flavor | Version | Tinstall | Tcheck | Ttotal | Status | Flags | 
|---|---|---|---|---|---|---|
| r-devel-linux-x86_64-debian-clang | 0.1 | 7.27 | 73.13 | 80.40 | NOTE | |
| r-devel-linux-x86_64-debian-gcc | 0.1 | 5.94 | 54.93 | 60.87 | NOTE | |
| r-devel-linux-x86_64-fedora-clang | 0.1 | 21.00 | 102.09 | 123.09 | OK | |
| r-devel-linux-x86_64-fedora-gcc | 0.1 | 17.00 | 96.68 | 113.68 | OK | |
| r-devel-windows-x86_64 | 0.1 | 10.00 | 92.00 | 102.00 | OK | |
| r-patched-linux-x86_64 | 0.1 | 8.25 | 70.85 | 79.10 | OK | |
| r-release-linux-x86_64 | 0.1 | 7.16 | 69.87 | 77.03 | OK | |
| r-release-macos-arm64 | 0.1 | 11.00 | 50.00 | 61.00 | OK | |
| r-release-macos-x86_64 | 0.1 | 13.00 | 76.00 | 89.00 | OK | |
| r-release-windows-x86_64 | 0.1 | 11.00 | 94.00 | 105.00 | OK | |
| r-oldrel-macos-arm64 | 0.1 | 9.00 | 48.00 | 57.00 | OK | |
| r-oldrel-macos-x86_64 | 0.1 | 10.00 | 62.00 | 72.00 | OK | |
| r-oldrel-windows-x86_64 | 0.1 | 13.00 | 111.00 | 124.00 | OK | 
Version: 0.1
Check: CRAN incoming feasibility
Result: NOTE
  Maintainer: ‘Zihuai He <zihuai@stanford.edu>’
  
  No Authors@R field in DESCRIPTION.
  Please add one, modifying
    Authors@R: person(given = "Zihuai",
                      family = "He",
                      role = c("aut", "cre"),
                      email = "zihuai@stanford.edu")
  as necessary.
Flavors: r-devel-linux-x86_64-debian-clang, r-devel-linux-x86_64-debian-gcc