Last updated on 2025-10-31 02:50:32 CET.
| Flavor | Version | Tinstall | Tcheck | Ttotal | Status | Flags | 
|---|---|---|---|---|---|---|
| r-devel-linux-x86_64-debian-clang | 1.0.5 | 4.35 | 60.95 | 65.30 | NOTE | |
| r-devel-linux-x86_64-debian-gcc | 1.0.5 | 2.86 | 47.64 | 50.50 | NOTE | |
| r-devel-linux-x86_64-fedora-clang | 1.0.5 | 108.26 | OK | |||
| r-devel-linux-x86_64-fedora-gcc | 1.0.5 | 119.97 | OK | |||
| r-devel-windows-x86_64 | 1.0.5 | 5.00 | 133.00 | 138.00 | OK | |
| r-patched-linux-x86_64 | 1.0.5 | 4.10 | 58.94 | 63.04 | OK | |
| r-release-linux-x86_64 | 1.0.5 | 4.67 | 58.53 | 63.20 | OK | |
| r-release-macos-arm64 | 1.0.5 | 2.00 | 58.00 | 60.00 | OK | |
| r-release-macos-x86_64 | 1.0.5 | 4.00 | 93.00 | 97.00 | OK | |
| r-release-windows-x86_64 | 1.0.5 | 8.00 | 134.00 | 142.00 | OK | |
| r-oldrel-macos-arm64 | 1.0.5 | 2.00 | 56.00 | 58.00 | OK | |
| r-oldrel-macos-x86_64 | 1.0.5 | 3.00 | 76.00 | 79.00 | OK | |
| r-oldrel-windows-x86_64 | 1.0.5 | 6.00 | 155.00 | 161.00 | OK | 
Version: 1.0.5
Check: CRAN incoming feasibility
Result: NOTE
  Maintainer: ‘Zuguang Gu <z.gu@dkfz.de>’
  
  No Authors@R field in DESCRIPTION.
  Please add one, modifying
    Authors@R: person(given = "Zuguang",
                      family = "Gu",
                      role = c("aut", "cre"),
                      email = "z.gu@dkfz.de")
  as necessary.
Flavors: r-devel-linux-x86_64-debian-clang, r-devel-linux-x86_64-debian-gcc