Last updated on 2025-10-31 02:50:32 CET.
| Flavor | Version | Tinstall | Tcheck | Ttotal | Status | Flags | 
|---|---|---|---|---|---|---|
| r-devel-linux-x86_64-debian-clang | 1.0.0 | 11.21 | 177.75 | 188.96 | NOTE | |
| r-devel-linux-x86_64-debian-gcc | 1.0.0 | 10.01 | 125.81 | 135.82 | NOTE | |
| r-devel-linux-x86_64-fedora-clang | 1.0.0 | 27.00 | 264.61 | 291.61 | OK | |
| r-devel-linux-x86_64-fedora-gcc | 1.0.0 | 29.00 | 265.23 | 294.23 | OK | |
| r-devel-windows-x86_64 | 1.0.0 | 14.00 | 189.00 | 203.00 | OK | |
| r-patched-linux-x86_64 | 1.0.0 | 11.08 | 166.89 | 177.97 | OK | |
| r-release-linux-x86_64 | 1.0.0 | 13.01 | 165.74 | 178.75 | OK | |
| r-release-macos-arm64 | 1.0.0 | 8.00 | 102.00 | 110.00 | OK | |
| r-release-macos-x86_64 | 1.0.0 | 10.00 | 153.00 | 163.00 | OK | |
| r-release-windows-x86_64 | 1.0.0 | 13.00 | 184.00 | 197.00 | OK | |
| r-oldrel-macos-arm64 | 1.0.0 | 5.00 | 77.00 | 82.00 | OK | |
| r-oldrel-macos-x86_64 | 1.0.0 | 8.00 | 121.00 | 129.00 | OK | |
| r-oldrel-windows-x86_64 | 1.0.0 | 18.00 | 227.00 | 245.00 | OK | 
Version: 1.0.0
Check: CRAN incoming feasibility
Result: NOTE
  Maintainer: ‘Greg McMahan <gmcmacran@gmail.com>’
  
  No Authors@R field in DESCRIPTION.
  Please add one, modifying
    Authors@R: person(given = "Greg",
                      family = "McMahan",
                      role = c("aut", "cre"),
                      email = "gmcmacran@gmail.com")
  as necessary.
Flavors: r-devel-linux-x86_64-debian-clang, r-devel-linux-x86_64-debian-gcc