Last updated on 2025-07-24 02:52:14 CEST.
Flavor | Version | Tinstall | Tcheck | Ttotal | Status | Flags |
---|---|---|---|---|---|---|
r-devel-linux-x86_64-debian-clang | 0.1.2 | 3.15 | 27.99 | 31.14 | NOTE | |
r-devel-linux-x86_64-debian-gcc | 0.1.2 | 2.58 | 22.03 | 24.61 | NOTE | |
r-devel-linux-x86_64-fedora-clang | 0.1.2 | 48.63 | OK | |||
r-devel-linux-x86_64-fedora-gcc | 0.1.2 | 64.75 | OK | |||
r-devel-windows-x86_64 | 0.1.2 | 4.00 | 49.00 | 53.00 | OK | |
r-patched-linux-x86_64 | 0.1.2 | 4.13 | 26.36 | 30.49 | OK | |
r-release-linux-x86_64 | 0.1.2 | 2.66 | 26.44 | 29.10 | OK | |
r-release-macos-arm64 | 0.1.2 | 28.00 | OK | |||
r-release-macos-x86_64 | 0.1.2 | 67.00 | OK | |||
r-release-windows-x86_64 | 0.1.2 | 6.00 | 50.00 | 56.00 | OK | |
r-oldrel-macos-arm64 | 0.1.2 | 32.00 | OK | |||
r-oldrel-macos-x86_64 | 0.1.2 | 62.00 | OK | |||
r-oldrel-windows-x86_64 | 0.1.2 | 2.00 | 8.00 | 10.00 | ERROR |
Version: 0.1.2
Check: CRAN incoming feasibility
Result: NOTE
Maintainer: ‘Zuguang Gu <z.gu@dkfz.de>’
No Authors@R field in DESCRIPTION.
Please add one, modifying
Authors@R: person(given = "Zuguang",
family = "Gu",
role = c("aut", "cre"),
email = "z.gu@dkfz.de")
as necessary.
Flavors: r-devel-linux-x86_64-debian-clang, r-devel-linux-x86_64-debian-gcc
Version: 0.1.2
Check: whether package can be installed
Result: ERROR
Installation failed.
Flavor: r-oldrel-windows-x86_64