Last updated on 2025-10-31 02:50:32 CET.
| Flavor | Version | Tinstall | Tcheck | Ttotal | Status | Flags | 
|---|---|---|---|---|---|---|
| r-devel-linux-x86_64-debian-clang | 0.1.2 | 3.53 | 29.43 | 32.96 | NOTE | |
| r-devel-linux-x86_64-debian-gcc | 0.1.2 | 2.16 | 23.09 | 25.25 | NOTE | |
| r-devel-linux-x86_64-fedora-clang | 0.1.2 | 50.19 | OK | |||
| r-devel-linux-x86_64-fedora-gcc | 0.1.2 | 66.48 | OK | |||
| r-devel-windows-x86_64 | 0.1.2 | 6.00 | 49.00 | 55.00 | OK | |
| r-patched-linux-x86_64 | 0.1.2 | 2.59 | 27.83 | 30.42 | OK | |
| r-release-linux-x86_64 | 0.1.2 | 2.60 | 27.69 | 30.29 | OK | |
| r-release-macos-arm64 | 0.1.2 | 2.00 | 26.00 | 28.00 | OK | |
| r-release-macos-x86_64 | 0.1.2 | 3.00 | 64.00 | 67.00 | OK | |
| r-release-windows-x86_64 | 0.1.2 | 5.00 | 51.00 | 56.00 | OK | |
| r-oldrel-macos-arm64 | 0.1.2 | 1.00 | 31.00 | 32.00 | OK | |
| r-oldrel-macos-x86_64 | 0.1.2 | 4.00 | 58.00 | 62.00 | OK | |
| r-oldrel-windows-x86_64 | 0.1.2 | 7.00 | 56.00 | 63.00 | OK | 
Version: 0.1.2
Check: CRAN incoming feasibility
Result: NOTE
  Maintainer: ‘Zuguang Gu <z.gu@dkfz.de>’
  
  No Authors@R field in DESCRIPTION.
  Please add one, modifying
    Authors@R: person(given = "Zuguang",
                      family = "Gu",
                      role = c("aut", "cre"),
                      email = "z.gu@dkfz.de")
  as necessary.
Flavors: r-devel-linux-x86_64-debian-clang, r-devel-linux-x86_64-debian-gcc