Last updated on 2025-10-31 02:50:33 CET.
| Flavor | Version | Tinstall | Tcheck | Ttotal | Status | Flags | 
|---|---|---|---|---|---|---|
| r-devel-linux-x86_64-debian-clang | 0.1.3 | 31.01 | 119.99 | 151.00 | NOTE | |
| r-devel-linux-x86_64-debian-gcc | 0.1.3 | 25.79 | 91.20 | 116.99 | NOTE | |
| r-devel-linux-x86_64-fedora-clang | 0.1.3 | 94.00 | 134.84 | 228.84 | OK | |
| r-devel-linux-x86_64-fedora-gcc | 0.1.3 | 62.00 | 166.62 | 228.62 | OK | |
| r-devel-windows-x86_64 | 0.1.3 | 26.00 | 109.00 | 135.00 | OK | |
| r-patched-linux-x86_64 | 0.1.3 | 30.13 | 115.92 | 146.05 | OK | |
| r-release-linux-x86_64 | 0.1.3 | 30.24 | 118.76 | 149.00 | OK | |
| r-release-macos-arm64 | 0.1.3 | 11.00 | 41.00 | 52.00 | OK | |
| r-release-macos-x86_64 | 0.1.3 | 20.00 | 90.00 | 110.00 | OK | |
| r-release-windows-x86_64 | 0.1.3 | 26.00 | 111.00 | 137.00 | OK | |
| r-oldrel-macos-arm64 | 0.1.3 | 11.00 | 44.00 | 55.00 | NOTE | |
| r-oldrel-macos-x86_64 | 0.1.3 | 28.00 | 100.00 | 128.00 | NOTE | |
| r-oldrel-windows-x86_64 | 0.1.3 | 33.00 | 138.00 | 171.00 | NOTE | 
Version: 0.1.3
Check: CRAN incoming feasibility
Result: NOTE
  Maintainer: ‘David A. Schoenfeld <dschoenfeld@mgh.harvard.edu>’
  
  No Authors@R field in DESCRIPTION.
  Please add one, modifying
    Authors@R: person(given = c("David", "A."),
                      family = "Schoenfeld",
                      role = c("aut", "cre"),
                      email = "dschoenfeld@mgh.harvard.edu")
  as necessary.
Flavors: r-devel-linux-x86_64-debian-clang, r-devel-linux-x86_64-debian-gcc
Version: 0.1.3
Check: installed package size
Result: NOTE
    installed size is  7.4Mb
    sub-directories of 1Mb or more:
      data   7.3Mb
Flavors: r-oldrel-macos-arm64, r-oldrel-macos-x86_64, r-oldrel-windows-x86_64