Last updated on 2025-10-30 02:49:04 CET.
| Flavor | Version | Tinstall | Tcheck | Ttotal | Status | Flags | 
|---|---|---|---|---|---|---|
| r-devel-linux-x86_64-debian-clang | 0.1.9 | 1.67 | 22.59 | 24.26 | NOTE | |
| r-devel-linux-x86_64-debian-gcc | 0.1.9 | 1.54 | 18.29 | 19.83 | NOTE | |
| r-devel-linux-x86_64-fedora-clang | 0.1.9 | 11.00 | 27.26 | 38.26 | OK | |
| r-devel-linux-x86_64-fedora-gcc | 0.1.9 | 34.60 | OK | |||
| r-devel-windows-x86_64 | 0.1.9 | 5.00 | 41.00 | 46.00 | OK | |
| r-patched-linux-x86_64 | 0.1.9 | 2.00 | 21.43 | 23.43 | OK | |
| r-release-linux-x86_64 | 0.1.9 | 1.99 | 21.52 | 23.51 | OK | |
| r-release-macos-arm64 | 0.1.9 | 1.00 | 15.00 | 16.00 | OK | |
| r-release-macos-x86_64 | 0.1.9 | 2.00 | 22.00 | 24.00 | OK | |
| r-release-windows-x86_64 | 0.1.9 | 4.00 | 44.00 | 48.00 | OK | |
| r-oldrel-macos-arm64 | 0.1.9 | 1.00 | 14.00 | 15.00 | OK | |
| r-oldrel-macos-x86_64 | 0.1.9 | 2.00 | 20.00 | 22.00 | OK | |
| r-oldrel-windows-x86_64 | 0.1.9 | 4.00 | 48.00 | 52.00 | OK | 
Version: 0.1.9
Check: CRAN incoming feasibility
Result: NOTE
  Maintainer: ‘"Markus Loecher, Berlin School of Economics and Law (BSEL)" <markus.loecher@gmail.com>’
  
  No Authors@R field in DESCRIPTION.
  Please add one, modifying
    Authors@R: c(person(given = "\"Markus",
                        family = "Loecher",
                        role = c("aut", "cre"),
                        email = "markus.loecher@gmail.com"),
                 person(given = c("Berlin", "School", "of"),
                        family = "Economics",
                        role = "aut"),
                 person(family = "Law\"",
                        role = "aut",
                        email = "markus.loecher@gmail.com",
                        comment = "BSEL"))
  as necessary.
Flavors: r-devel-linux-x86_64-debian-clang, r-devel-linux-x86_64-debian-gcc