CRAN Package Check Results for Package HazardDiff

Last updated on 2025-10-30 02:49:03 CET.

Flavor Version Tinstall Tcheck Ttotal Status Flags
r-devel-linux-x86_64-debian-clang 0.1.0 1.93 26.17 28.10 NOTE
r-devel-linux-x86_64-debian-gcc 0.1.0 1.64 20.68 22.32 NOTE
r-devel-linux-x86_64-fedora-clang 0.1.0 44.40 OK
r-devel-linux-x86_64-fedora-gcc 0.1.0 40.46 OK
r-devel-windows-x86_64 0.1.0 4.00 43.00 47.00 OK
r-patched-linux-x86_64 0.1.0 2.38 24.74 27.12 OK
r-release-linux-x86_64 0.1.0 2.34 24.82 27.16 OK
r-release-macos-arm64 0.1.0 2.00 21.00 23.00 OK
r-release-macos-x86_64 0.1.0 2.00 25.00 27.00 OK
r-release-windows-x86_64 0.1.0 4.00 44.00 48.00 OK
r-oldrel-macos-arm64 0.1.0 1.00 16.00 17.00 OK
r-oldrel-macos-x86_64 0.1.0 2.00 23.00 25.00 OK
r-oldrel-windows-x86_64 0.1.0 5.00 50.00 55.00 OK

Check Details

Version: 0.1.0
Check: CRAN incoming feasibility
Result: NOTE Maintainer: ‘Denise Rava <drava@ucsd.edu>’ The Description field contains R. (2021) <arXiv:2112.09535>. Please refer to arXiv e-prints via their arXiv DOI <doi:10.48550/arXiv.YYMM.NNNNN>. Flavors: r-devel-linux-x86_64-debian-clang, r-devel-linux-x86_64-debian-gcc