Last updated on 2025-10-31 02:50:34 CET.
| Flavor | Version | Tinstall | Tcheck | Ttotal | Status | Flags | 
|---|---|---|---|---|---|---|
| r-devel-linux-x86_64-debian-clang | 0.1.0 | 1.74 | 43.13 | 44.87 | NOTE | |
| r-devel-linux-x86_64-debian-gcc | 0.1.0 | 1.71 | 32.19 | 33.90 | NOTE | |
| r-devel-linux-x86_64-fedora-clang | 0.1.0 | 76.91 | NOTE | |||
| r-devel-linux-x86_64-fedora-gcc | 0.1.0 | 82.52 | NOTE | |||
| r-devel-windows-x86_64 | 0.1.0 | 3.00 | 62.00 | 65.00 | NOTE | |
| r-patched-linux-x86_64 | 0.1.0 | 2.37 | 41.75 | 44.12 | NOTE | |
| r-release-linux-x86_64 | 0.1.0 | 2.28 | 42.47 | 44.75 | NOTE | |
| r-release-macos-arm64 | 0.1.0 | 1.00 | 29.00 | 30.00 | NOTE | |
| r-release-macos-x86_64 | 0.1.0 | 2.00 | 62.00 | 64.00 | NOTE | |
| r-release-windows-x86_64 | 0.1.0 | 5.00 | 69.00 | 74.00 | NOTE | |
| r-oldrel-macos-arm64 | 0.1.0 | 1.00 | 30.00 | 31.00 | NOTE | |
| r-oldrel-macos-x86_64 | 0.1.0 | 2.00 | 47.00 | 49.00 | NOTE | |
| r-oldrel-windows-x86_64 | 0.1.0 | 4.00 | 74.00 | 78.00 | NOTE | 
Version: 0.1.0
Check: Rd files
Result: NOTE
  checkRd: (-1) analyses_data.Rd:19: Lost braces; missing escapes or markup?
      19 |   \item {patient_id}: {Unique identifier for each patient}
         |                       ^
  checkRd: (-1) analyses_data.Rd:20: Lost braces; missing escapes or markup?
      20 |   \item {tran_Year}: {numeric, starting from 1 up to the number of transitions}
         |                      ^
  checkRd: (-1) analyses_data.Rd:21: Lost braces; missing escapes or markup?
      21 |   \item {transition_year}: {text explanation of the transition}
         |                            ^
  checkRd: (-1) analyses_data.Rd:22: Lost braces; missing escapes or markup?
      22 |   \item {state_from}: {the state at the beginning of a transition}
         |                       ^
  checkRd: (-1) analyses_data.Rd:23: Lost braces; missing escapes or markup?
      23 |   \item {state_to}: {the state at the end of a transition}
         |                     ^
  checkRd: (-1) analyses_data.Rd:24: Lost braces; missing escapes or markup?
      24 |   \item {prob_matrix}: {the probability matrix that was generated by the initial data}
         |                        ^
  checkRd: (-1) analyses_data.Rd:25: Lost braces; missing escapes or markup?
      25 |   \item {cardio_state_from}: {cardiovascular disease at the beginning of the transition, binary, if 1 == Yes, else No}
         |                              ^
  checkRd: (-1) analyses_data.Rd:26: Lost braces; missing escapes or markup?
      26 |   \item {cardio_state_to}: {cardiovascular disease at the end of the transition, binary, if 1 == Yes, else No}
         |                            ^
  checkRd: (-1) analyses_data.Rd:27: Lost braces; missing escapes or markup?
      27 |   \item {flu_vaccination_state_from}: {flu vaccination at the end of the transition, binary, if 1 == Yes, else No}
         |                                       ^
  checkRd: (-1) analyses_data.Rd:28: Lost braces; missing escapes or markup?
      28 |   \item {flu_vaccination_state_to}: {flu vaccination disease at the end of the transition, binary, if 1 == Yes, else No}
         |                                     ^
  checkRd: (-1) initial_data.Rd:19: Lost braces; missing escapes or markup?
      19 |   \item {patient_id}: {Unique identifier for each patient}
         |                       ^
  checkRd: (-1) initial_data.Rd:20: Lost braces; missing escapes or markup?
      20 |   \item {tran_Year}: {numeric, starting from 1 up to the number of transitions}
         |                      ^
  checkRd: (-1) initial_data.Rd:21: Lost braces; missing escapes or markup?
      21 |   \item {transition_year}: {text explanation of the transition}
         |                            ^
  checkRd: (-1) initial_data.Rd:22: Lost braces; missing escapes or markup?
      22 |   \item {state_from}: {the state at the beginning of a transition}
         |                       ^
  checkRd: (-1) initial_data.Rd:23: Lost braces; missing escapes or markup?
      23 |   \item {state_to}: {the state at the end of a transition}
         |                     ^
  checkRd: (-1) initial_data.Rd:24: Lost braces; missing escapes or markup?
      24 |   \item {cardio_state_from}: {cardiovascular disease at the beginning of the transition, binary, if 1 == Yes, else No}
         |                              ^
  checkRd: (-1) initial_data.Rd:25: Lost braces; missing escapes or markup?
      25 |   \item {cardio_state_to}: {cardiovascular disease at the end of the transition, binary, if 1 == Yes, else No}
         |                            ^
  checkRd: (-1) initial_data.Rd:26: Lost braces; missing escapes or markup?
      26 |   \item {flu_vaccination_state_from}: {flu vaccination at the end of the transition, binary, if 1 == Yes, else No}
         |                                       ^
  checkRd: (-1) initial_data.Rd:27: Lost braces; missing escapes or markup?
      27 |   \item {flu_vaccination_state_to}: {flu vaccination disease at the end of the transition, binary, if 1 == Yes, else No}
         |                                     ^
Flavors: r-devel-linux-x86_64-debian-clang, r-devel-linux-x86_64-debian-gcc, r-devel-linux-x86_64-fedora-clang, r-devel-linux-x86_64-fedora-gcc, r-devel-windows-x86_64, r-patched-linux-x86_64, r-release-linux-x86_64, r-release-macos-arm64, r-release-macos-x86_64, r-release-windows-x86_64, r-oldrel-macos-arm64, r-oldrel-macos-x86_64, r-oldrel-windows-x86_64