Last updated on 2025-10-31 02:50:34 CET.
| Flavor | Version | Tinstall | Tcheck | Ttotal | Status | Flags | 
|---|---|---|---|---|---|---|
| r-devel-linux-x86_64-debian-clang | 0.3.6 | 3.36 | 40.70 | 44.06 | OK | |
| r-devel-linux-x86_64-debian-gcc | 0.3.6 | 3.10 | 31.56 | 34.66 | OK | |
| r-devel-linux-x86_64-fedora-clang | 0.3.6 | 17.00 | 50.57 | 67.57 | OK | |
| r-devel-linux-x86_64-fedora-gcc | 0.3.6 | 10.00 | 49.55 | 59.55 | OK | |
| r-devel-windows-x86_64 | 0.3.6 | 6.00 | 57.00 | 63.00 | OK | |
| r-patched-linux-x86_64 | 0.3.6 | 5.59 | 37.81 | 43.40 | OK | |
| r-release-linux-x86_64 | 0.3.6 | 3.79 | 38.39 | 42.18 | OK | |
| r-release-macos-arm64 | 0.3.6 | 2.00 | 26.00 | 28.00 | OK | |
| r-release-macos-x86_64 | 0.3.6 | 4.00 | 39.00 | 43.00 | OK | |
| r-release-windows-x86_64 | 0.3.6 | 7.00 | 61.00 | 68.00 | OK | |
| r-oldrel-macos-arm64 | 0.3.6 | 2.00 | 32.00 | 34.00 | NOTE | |
| r-oldrel-macos-x86_64 | 0.3.6 | 4.00 | 39.00 | 43.00 | NOTE | |
| r-oldrel-windows-x86_64 | 0.3.6 | 8.00 | 68.00 | 76.00 | NOTE | 
Version: 0.3.6
Check: installed package size
Result: NOTE
    installed size is  6.2Mb
    sub-directories of 1Mb or more:
      extdata   4.0Mb
      help      2.0Mb
Flavors: r-oldrel-macos-arm64, r-oldrel-macos-x86_64, r-oldrel-windows-x86_64