Last updated on 2025-10-31 02:50:34 CET.
| Flavor | Version | Tinstall | Tcheck | Ttotal | Status | Flags | 
|---|---|---|---|---|---|---|
| r-devel-linux-x86_64-debian-clang | 1.0.2 | 19.84 | 73.58 | 93.42 | NOTE | |
| r-devel-linux-x86_64-debian-gcc | 1.0.2 | 13.31 | 53.65 | 66.96 | NOTE | |
| r-devel-linux-x86_64-fedora-clang | 1.0.2 | 73.00 | 80.66 | 153.66 | NOTE | |
| r-devel-linux-x86_64-fedora-gcc | 1.0.2 | 37.00 | 100.03 | 137.03 | NOTE | |
| r-devel-windows-x86_64 | 1.0.2 | 22.00 | 84.00 | 106.00 | NOTE | |
| r-patched-linux-x86_64 | 1.0.2 | 18.11 | 69.44 | 87.55 | NOTE | |
| r-release-linux-x86_64 | 1.0.2 | 19.05 | 70.27 | 89.32 | NOTE | |
| r-release-macos-arm64 | 1.0.2 | 13.00 | 37.00 | 50.00 | NOTE | |
| r-release-macos-x86_64 | 1.0.2 | 21.00 | 68.00 | 89.00 | NOTE | |
| r-release-windows-x86_64 | 1.0.2 | 23.00 | 83.00 | 106.00 | NOTE | |
| r-oldrel-macos-arm64 | 1.0.2 | 10.00 | 31.00 | 41.00 | NOTE | |
| r-oldrel-macos-x86_64 | 1.0.2 | 15.00 | 62.00 | 77.00 | NOTE | |
| r-oldrel-windows-x86_64 | 1.0.2 | 28.00 | 103.00 | 131.00 | NOTE | 
Version: 1.0.2
Check: Rd files
Result: NOTE
  checkRd: (-1) jointLPM.Rd:298: Lost braces; missing escapes or markup?
     298 | following transformation b_1 + b_2*I_1(Y(t)) + ... + b_{n+2}*I_{n+1}(Y(t)),
         |                                                        ^
  checkRd: (-1) jointLPM.Rd:298: Lost braces; missing escapes or markup?
     298 | following transformation b_1 + b_2*I_1(Y(t)) + ... + b_{n+2}*I_{n+1}(Y(t)),
         |                                                                ^
  checkRd: (-1) jointLPM.Rd:299: Lost braces; missing escapes or markup?
     299 | where I_1,...,I_{n+1} is the basis of quadratic I-splines. To constraint the
         |                 ^
Flavors: r-devel-linux-x86_64-debian-clang, r-devel-linux-x86_64-debian-gcc, r-devel-linux-x86_64-fedora-clang, r-devel-linux-x86_64-fedora-gcc, r-devel-windows-x86_64, r-patched-linux-x86_64, r-release-linux-x86_64, r-release-macos-arm64, r-release-macos-x86_64, r-release-windows-x86_64, r-oldrel-macos-arm64, r-oldrel-macos-x86_64, r-oldrel-windows-x86_64