Last updated on 2025-10-31 02:50:34 CET.
| Flavor | Version | Tinstall | Tcheck | Ttotal | Status | Flags | 
|---|---|---|---|---|---|---|
| r-devel-linux-x86_64-debian-clang | 1.4.2 | 5.54 | 59.60 | 65.14 | NOTE | |
| r-devel-linux-x86_64-debian-gcc | 1.4.2 | 3.66 | 43.08 | 46.74 | NOTE | |
| r-devel-linux-x86_64-fedora-clang | 1.4.2 | 25.00 | 83.88 | 108.88 | NOTE | |
| r-devel-linux-x86_64-fedora-gcc | 1.4.2 | 26.00 | 79.03 | 105.03 | NOTE | |
| r-devel-windows-x86_64 | 1.4.2 | 7.00 | 81.00 | 88.00 | NOTE | |
| r-patched-linux-x86_64 | 1.4.2 | 7.38 | 57.62 | 65.00 | NOTE | |
| r-release-linux-x86_64 | 1.4.2 | 6.01 | 57.04 | 63.05 | NOTE | |
| r-release-macos-arm64 | 1.4.2 | 4.00 | 32.00 | 36.00 | NOTE | |
| r-release-macos-x86_64 | 1.4.2 | 5.00 | 55.00 | 60.00 | NOTE | |
| r-release-windows-x86_64 | 1.4.2 | 8.00 | 81.00 | 89.00 | NOTE | |
| r-oldrel-macos-arm64 | 1.4.2 | 3.00 | 28.00 | 31.00 | NOTE | |
| r-oldrel-macos-x86_64 | 1.4.2 | 4.00 | 51.00 | 55.00 | NOTE | |
| r-oldrel-windows-x86_64 | 1.4.2 | 12.00 | 103.00 | 115.00 | NOTE | 
Version: 1.4.2
Check: Rd files
Result: NOTE
  checkRd: (-1) EGIparallel.Rd:60: Lost braces; missing escapes or markup?
      60 | Finally, one can control the field {optim.option} in order to decide how to optimize the sampling criterion.
         |                                    ^
  checkRd: (-1) max_sur_parallel.Rd:29: Lost braces; missing escapes or markup?
      29 | Finally, one can control the field {optim.option} in order to decide how to optimize the sampling criterion. 
         |                                    ^
  checkRd: (-1) max_timse_parallel.Rd:30: Lost braces; missing escapes or markup?
      30 | Finally, one can control the field {optim.option} in order to decide how to optimize the sampling criterion. 
         |                                    ^
  checkRd: (-1) max_vorob_parallel.Rd:30: Lost braces; missing escapes or markup?
      30 | Finally, one can control the field {optim.option} in order to decide how to optimize the sampling criterion.
         |                                    ^
  checkRd: (-1) print_uncertainty_nd.Rd:72: Lost braces
      72 | Optional argument. When set to code{NULL} (default) the function performs the projections on plans spanned by each pair (i,j) of dimension. Otherwise, the argument is an array of size 2 corresponding to the dimensions spanning the (only) plan on which the projection is performed.
         |                                    ^
Flavors: r-devel-linux-x86_64-debian-clang, r-devel-linux-x86_64-debian-gcc, r-devel-linux-x86_64-fedora-clang, r-devel-linux-x86_64-fedora-gcc, r-devel-windows-x86_64, r-patched-linux-x86_64, r-release-linux-x86_64, r-release-macos-arm64, r-release-macos-x86_64, r-release-windows-x86_64, r-oldrel-macos-arm64, r-oldrel-macos-x86_64, r-oldrel-windows-x86_64