Last updated on 2025-10-30 02:49:05 CET.
| Flavor | Version | Tinstall | Tcheck | Ttotal | Status | Flags | 
|---|---|---|---|---|---|---|
| r-devel-linux-x86_64-debian-clang | 1.3 | 14.77 | 154.73 | 169.50 | NOTE | |
| r-devel-linux-x86_64-debian-gcc | 1.3 | 10.29 | 101.78 | 112.07 | NOTE | |
| r-devel-linux-x86_64-fedora-clang | 1.3 | 55.00 | 230.11 | 285.11 | OK | |
| r-devel-linux-x86_64-fedora-gcc | 1.3 | 27.00 | 224.48 | 251.48 | OK | |
| r-devel-windows-x86_64 | 1.3 | 16.00 | 147.00 | 163.00 | OK | |
| r-patched-linux-x86_64 | 1.3 | 14.26 | 142.98 | 157.24 | OK | |
| r-release-linux-x86_64 | 1.3 | 13.64 | 142.18 | 155.82 | OK | |
| r-release-macos-arm64 | 1.3 | 6.00 | 56.00 | 62.00 | OK | |
| r-release-macos-x86_64 | 1.3 | 11.00 | 109.00 | 120.00 | OK | |
| r-release-windows-x86_64 | 1.3 | 17.00 | 151.00 | 168.00 | OK | |
| r-oldrel-macos-arm64 | 1.3 | 6.00 | 54.00 | 60.00 | OK | |
| r-oldrel-macos-x86_64 | 1.3 | 9.00 | 79.00 | 88.00 | OK | |
| r-oldrel-windows-x86_64 | 1.3 | 21.00 | 190.00 | 211.00 | OK | 
Version: 1.3
Check: CRAN incoming feasibility
Result: NOTE
  Maintainer: ‘Alexandre BUREAU <alexandre.bureau@msp.ulaval.ca>’
  
  No Authors@R field in DESCRIPTION.
  Please add one, modifying
    Authors@R: c(person(given = "Arafat",
                        family = "TAYEB",
                        role = "aut",
                        email = "arafat.tayeb@ircm.qc.ca"),
                 person(given = "Alexandre",
                        family = "BUREAU",
                        role = c("aut", "cre"),
                        email = "alexandre.bureau@msp.ulaval.ca"),
                 person(given = "Aurelie",
                        family = "Labbe",
                        role = "aut",
                        email = "aurelie.labbe@mcgill.ca"))
  as necessary.
Flavors: r-devel-linux-x86_64-debian-clang, r-devel-linux-x86_64-debian-gcc