Last updated on 2025-10-31 02:50:35 CET.
| Flavor | Version | Tinstall | Tcheck | Ttotal | Status | Flags | 
|---|---|---|---|---|---|---|
| r-devel-linux-x86_64-debian-clang | 1.0 | 1.88 | 30.40 | 32.28 | NOTE | |
| r-devel-linux-x86_64-debian-gcc | 1.0 | 1.48 | 25.97 | 27.45 | NOTE | |
| r-devel-linux-x86_64-fedora-clang | 1.0 | 54.78 | NOTE | |||
| r-devel-linux-x86_64-fedora-gcc | 1.0 | 71.34 | NOTE | |||
| r-devel-windows-x86_64 | 1.0 | 3.00 | 70.00 | 73.00 | OK | |
| r-patched-linux-x86_64 | 1.0 | 1.82 | 29.12 | 30.94 | OK | |
| r-release-linux-x86_64 | 1.0 | 1.78 | 34.28 | 36.06 | OK | |
| r-release-macos-arm64 | 1.0 | 1.00 | 27.00 | 28.00 | OK | |
| r-release-macos-x86_64 | 1.0 | 2.00 | 59.00 | 61.00 | OK | |
| r-release-windows-x86_64 | 1.0 | 4.00 | 73.00 | 77.00 | OK | |
| r-oldrel-macos-arm64 | 1.0 | 1.00 | 26.00 | 27.00 | OK | |
| r-oldrel-macos-x86_64 | 1.0 | 2.00 | 35.00 | 37.00 | OK | |
| r-oldrel-windows-x86_64 | 1.0 | 3.00 | 73.00 | 76.00 | OK | 
Version: 1.0
Check: CRAN incoming feasibility
Result: NOTE
  Maintainer: ‘Ali Karimnezhad <ali_karimnezhad@yahoo.com>’
  
  No Authors@R field in DESCRIPTION.
  Please add one, modifying
    Authors@R: c(person(given = "Ali",
                        family = "Karimnezhad",
                        role = c("aut", "cre"),
                        email = "ali_karimnezhad@yahoo.com"),
                 person(given = "Johnary",
                        family = "Kim",
                        role = "aut"),
                 person(given = "Anna",
                        family = "Akpawu",
                        role = "aut"),
                 person(given = "Justin",
                        family = "Chitpin",
                        role = "aut"),
                 person(given = c("David", "R"),
                        family = "Bickel",
                        role = "aut"))
  as necessary.
Flavors: r-devel-linux-x86_64-debian-clang, r-devel-linux-x86_64-debian-gcc
Version: 1.0
Check: Rd files
Result: NOTE
  checkRd: (-1) caution.parameter.actions.Rd:40-43: Only 3 columns allowed in this table (row 1 has 2)
  checkRd: (-1) caution.parameter.actions.Rd:40-43: Only 3 columns allowed in this table (row 2 has 2)
Flavors: r-devel-linux-x86_64-debian-clang, r-devel-linux-x86_64-debian-gcc, r-devel-linux-x86_64-fedora-clang, r-devel-linux-x86_64-fedora-gcc