Last updated on 2025-10-31 02:50:34 CET.
| Flavor | Version | Tinstall | Tcheck | Ttotal | Status | Flags | 
|---|---|---|---|---|---|---|
| r-devel-linux-x86_64-debian-clang | 1.0 | 34.99 | 118.57 | 153.56 | WARN | |
| r-devel-linux-x86_64-debian-gcc | 1.0 | 22.29 | 82.40 | 104.69 | WARN | |
| r-devel-linux-x86_64-fedora-clang | 1.0 | 155.00 | 102.40 | 257.40 | NOTE | |
| r-devel-linux-x86_64-fedora-gcc | 1.0 | 77.00 | 150.13 | 227.13 | NOTE | |
| r-devel-windows-x86_64 | 1.0 | 37.00 | 129.00 | 166.00 | NOTE | |
| r-patched-linux-x86_64 | 1.0 | 29.42 | 110.78 | 140.20 | NOTE | |
| r-release-linux-x86_64 | 1.0 | 30.40 | 111.14 | 141.54 | NOTE | |
| r-release-macos-arm64 | 1.0 | 13.00 | 45.00 | 58.00 | NOTE | |
| r-release-macos-x86_64 | 1.0 | 22.00 | 81.00 | 103.00 | NOTE | |
| r-release-windows-x86_64 | 1.0 | 36.00 | 133.00 | 169.00 | NOTE | |
| r-oldrel-macos-arm64 | 1.0 | 12.00 | 44.00 | 56.00 | NOTE | |
| r-oldrel-macos-x86_64 | 1.0 | 17.00 | 64.00 | 81.00 | NOTE | |
| r-oldrel-windows-x86_64 | 1.0 | 47.00 | 171.00 | 218.00 | NOTE | 
Version: 1.0
Check: CRAN incoming feasibility
Result: NOTE
  Maintainer: ‘Yaguang Li <liygcr7@gmail.com>’
  
  No Authors@R field in DESCRIPTION.
  Please add one, modifying
    Authors@R: c(person(given = "Yaguang",
                        family = "Li",
                        role = c("aut", "cre"),
                        email = "liygcr7@gmail.com"),
                 person(given = "Xin",
                        family = "Gao",
                        role = "aut"),
                 person(given = "Wei",
                        family = "Xu",
                        role = "aut"))
  as necessary.
Flavors: r-devel-linux-x86_64-debian-clang, r-devel-linux-x86_64-debian-gcc
Version: 1.0
Check: whether package can be installed
Result: WARN
  Found the following significant warnings:
    /home/hornik/tmp/R.check/r-devel-clang/Work/build/Packages/RcppArmadillo/include/RcppArmadillo/version/arma.h:66:17: warning: Using fallback compilation with Armadillo 14.6.3. Please consider defining -DARMA_USE_CURRENT and also removing C++11 compilation directive. See GitHub issue #475 for more. [-W#pragma-messages]
  See ‘/home/hornik/tmp/R.check/r-devel-clang/Work/PKGS/LassoGEE.Rcheck/00install.out’ for details.
  * used C++ compiler: ‘Debian clang version 19.1.7 (7)’
Flavor: r-devel-linux-x86_64-debian-clang
Version: 1.0
Check: C++ specification
Result: NOTE
    Specified C++11: please drop specification unless essential
Flavors: r-devel-linux-x86_64-debian-clang, r-devel-linux-x86_64-debian-gcc, r-devel-linux-x86_64-fedora-clang, r-devel-linux-x86_64-fedora-gcc, r-devel-windows-x86_64, r-patched-linux-x86_64, r-release-linux-x86_64, r-release-macos-arm64, r-release-macos-x86_64, r-release-windows-x86_64, r-oldrel-macos-arm64, r-oldrel-macos-x86_64, r-oldrel-windows-x86_64
Version: 1.0
Check: whether package can be installed
Result: WARN
  Found the following significant warnings:
    /home/hornik/tmp/R.check/r-devel-gcc/Work/build/Packages/RcppArmadillo/include/RcppArmadillo/version/arma.h:66:199: note: ‘#pragma message: Using fallback compilation with Armadillo 14.6.3. Please consider defining -DARMA_USE_CURRENT and also removing C++11 compilation directive. See GitHub issue #475 for more.’
  See ‘/home/hornik/tmp/R.check/r-devel-gcc/Work/PKGS/LassoGEE.Rcheck/00install.out’ for details.
  * used C++ compiler: ‘g++-15 (Debian 15.2.0-4) 15.2.0’
Flavor: r-devel-linux-x86_64-debian-gcc
Version: 1.0
Check: LazyData
Result: NOTE
    'LazyData' is specified without a 'data' directory
Flavors: r-oldrel-macos-arm64, r-oldrel-macos-x86_64, r-oldrel-windows-x86_64