Last updated on 2025-10-31 02:50:36 CET.
| Flavor | Version | Tinstall | Tcheck | Ttotal | Status | Flags | 
|---|---|---|---|---|---|---|
| r-devel-linux-x86_64-debian-clang | 0.16.3 | 6.19 | 74.38 | 80.57 | OK | |
| r-devel-linux-x86_64-debian-gcc | 0.16.3 | 4.23 | 56.06 | 60.29 | OK | |
| r-devel-linux-x86_64-fedora-clang | 0.16.3 | 28.00 | 102.58 | 130.58 | OK | |
| r-devel-linux-x86_64-fedora-gcc | 0.16.3 | 27.00 | 110.66 | 137.66 | OK | |
| r-devel-windows-x86_64 | 0.16.3 | 7.00 | 84.00 | 91.00 | OK | |
| r-patched-linux-x86_64 | 0.16.3 | 6.46 | 72.42 | 78.88 | OK | |
| r-release-linux-x86_64 | 0.16.3 | 5.86 | 72.41 | 78.27 | OK | |
| r-release-macos-arm64 | 0.16.3 | 3.00 | 44.00 | 47.00 | OK | |
| r-release-macos-x86_64 | 0.16.3 | 8.00 | 103.00 | 111.00 | OK | |
| r-release-windows-x86_64 | 0.16.3 | 7.00 | 86.00 | 93.00 | OK | |
| r-oldrel-macos-arm64 | 0.16.3 | 3.00 | 39.00 | 42.00 | NOTE | |
| r-oldrel-macos-x86_64 | 0.16.3 | 7.00 | 87.00 | 94.00 | NOTE | |
| r-oldrel-windows-x86_64 | 0.16.3 | 10.00 | 104.00 | 114.00 | NOTE | 
Version: 0.16.3
Check: package dependencies
Result: NOTE
  Package suggested but not available for checking: ‘cmdstanr’
Flavors: r-oldrel-macos-arm64, r-oldrel-macos-x86_64, r-oldrel-windows-x86_64