Last updated on 2025-10-31 02:50:36 CET.
| Flavor | Version | Tinstall | Tcheck | Ttotal | Status | Flags | 
|---|---|---|---|---|---|---|
| r-devel-linux-x86_64-debian-clang | 1.3.7 | 31.87 | 177.76 | 209.63 | NOTE | |
| r-devel-linux-x86_64-debian-gcc | 1.3.7 | 25.11 | 128.46 | 153.57 | NOTE | |
| r-devel-linux-x86_64-fedora-clang | 1.3.7 | 177.00 | 192.88 | 369.88 | NOTE | |
| r-devel-linux-x86_64-fedora-gcc | 1.3.7 | 200.00 | 167.53 | 367.53 | NOTE | |
| r-devel-windows-x86_64 | 1.3.7 | 37.00 | 232.00 | 269.00 | OK | |
| r-patched-linux-x86_64 | 1.3.7 | 30.04 | 173.06 | 203.10 | NOTE | |
| r-release-linux-x86_64 | 1.3.7 | 29.22 | 172.45 | 201.67 | NOTE | |
| r-release-macos-arm64 | 1.3.7 | 14.00 | 98.00 | 112.00 | OK | |
| r-release-macos-x86_64 | 1.3.7 | 28.00 | 215.00 | 243.00 | OK | |
| r-release-windows-x86_64 | 1.3.7 | 35.00 | 231.00 | 266.00 | OK | |
| r-oldrel-macos-arm64 | 1.3.7 | 14.00 | 95.00 | 109.00 | OK | |
| r-oldrel-macos-x86_64 | 1.3.7 | 21.00 | 206.00 | 227.00 | OK | |
| r-oldrel-windows-x86_64 | 1.3.7 | 47.00 | 320.00 | 367.00 | OK | 
Version: 1.3.7
Check: CRAN incoming feasibility
Result: NOTE
  Maintainer: ‘Won-Min Song <wonmin1984@gmail.com>’
  
  No Authors@R field in DESCRIPTION.
  Please add one, modifying
    Authors@R: c(person(given = "Won-Min",
                        family = "Song",
                        role = c("aut", "cre"),
                        email = "wonmin1984@gmail.com"),
                 person(given = "Bin",
                        family = "Zhang",
                        role = "aut"))
  as necessary.
Flavors: r-devel-linux-x86_64-debian-clang, r-devel-linux-x86_64-debian-gcc
Version: 1.3.7
Check: for non-standard things in the check directory
Result: NOTE
  Found the following files/directories:
    ‘Data_Correlation.txt’ ‘correlation_FDR_table.txt’
Flavors: r-devel-linux-x86_64-debian-clang, r-devel-linux-x86_64-debian-gcc, r-devel-linux-x86_64-fedora-clang, r-devel-linux-x86_64-fedora-gcc, r-patched-linux-x86_64, r-release-linux-x86_64