CRAN Package Check Results for Package MFPCA

Last updated on 2025-07-24 02:52:17 CEST.

Flavor Version Tinstall Tcheck Ttotal Status Flags
r-devel-linux-x86_64-debian-clang 1.3-10 13.12 205.95 219.07 NOTE
r-devel-linux-x86_64-debian-gcc 1.3-10 9.65 142.84 152.49 NOTE
r-devel-linux-x86_64-fedora-clang 1.3-10 344.05 OK
r-devel-linux-x86_64-fedora-gcc 1.3-10 339.34 OK
r-devel-windows-x86_64 1.3-10 13.00 205.00 218.00 NOTE
r-patched-linux-x86_64 1.3-10 13.08 198.62 211.70 NOTE
r-release-linux-x86_64 1.3-10 9.98 197.87 207.85 NOTE
r-release-macos-arm64 1.3-10 139.00 OK
r-release-macos-x86_64 1.3-10 258.00 OK
r-release-windows-x86_64 1.3-10 14.00 216.00 230.00 NOTE
r-oldrel-macos-arm64 1.3-10 125.00 OK
r-oldrel-macos-x86_64 1.3-10 188.00 OK
r-oldrel-windows-x86_64 1.3-10 17.00 317.00 334.00 OK

Check Details

Version: 1.3-10
Check: CRAN incoming feasibility
Result: NOTE Maintainer: ‘Clara Happ-Kurz <chk_R@gmx.de>’ Package CITATION file contains call(s) to old-style citEntry(). Please use bibentry() instead. Flavors: r-devel-linux-x86_64-debian-clang, r-devel-linux-x86_64-debian-gcc

Version: 1.3-10
Check: Rd cross-references
Result: NOTE Found the following Rd file(s) with Rd \link{} targets missing package anchors: splineFunction1D.Rd: gam splineFunction2D.Rd: gam univExpansion.Rd: funData-class Please provide package anchors for all Rd \link{} targets not in the package itself and the base packages. Flavors: r-devel-linux-x86_64-debian-clang, r-devel-linux-x86_64-debian-gcc, r-devel-windows-x86_64, r-patched-linux-x86_64, r-release-linux-x86_64, r-release-windows-x86_64