Last updated on 2025-10-30 02:49:06 CET.
| Flavor | Version | Tinstall | Tcheck | Ttotal | Status | Flags | 
|---|---|---|---|---|---|---|
| r-devel-linux-x86_64-debian-clang | 0.1.0 | 1.83 | 21.11 | 22.94 | NOTE | |
| r-devel-linux-x86_64-debian-gcc | 0.1.0 | 1.41 | 17.27 | 18.68 | NOTE | |
| r-devel-linux-x86_64-fedora-clang | 0.1.0 | 33.57 | OK | |||
| r-devel-linux-x86_64-fedora-gcc | 0.1.0 | 33.45 | OK | |||
| r-devel-windows-x86_64 | 0.1.0 | 3.00 | 40.00 | 43.00 | OK | |
| r-patched-linux-x86_64 | 0.1.0 | 2.19 | 19.90 | 22.09 | OK | |
| r-release-linux-x86_64 | 0.1.0 | 1.88 | 19.98 | 21.86 | OK | |
| r-release-macos-arm64 | 0.1.0 | 2.00 | 15.00 | 17.00 | OK | |
| r-release-macos-x86_64 | 0.1.0 | 2.00 | 22.00 | 24.00 | OK | |
| r-release-windows-x86_64 | 0.1.0 | 5.00 | 44.00 | 49.00 | OK | |
| r-oldrel-macos-arm64 | 0.1.0 | 1.00 | 13.00 | 14.00 | NOTE | |
| r-oldrel-macos-x86_64 | 0.1.0 | 2.00 | 23.00 | 25.00 | NOTE | |
| r-oldrel-windows-x86_64 | 0.1.0 | 3.00 | 44.00 | 47.00 | NOTE | 
Version: 0.1.0
Check: CRAN incoming feasibility
Result: NOTE
  Maintainer: ‘Yalin Zhu <yalin.zhu@outlook.com>’
  
  No Authors@R field in DESCRIPTION.
  Please add one, modifying
    Authors@R: c(person(given = "Yalin",
                        family = "Zhu",
                        role = c("aut", "cre"),
                        email = "yalin.zhu@outlook.com"),
                 person(given = "Wenge",
                        family = "Guo",
                        role = "aut"))
  as necessary.
Flavors: r-devel-linux-x86_64-debian-clang, r-devel-linux-x86_64-debian-gcc
Version: 0.1.0
Check: package dependencies
Result: NOTE
  Package suggested but not available for checking: ‘structSSI’
Flavors: r-oldrel-macos-arm64, r-oldrel-macos-x86_64
Version: 0.1.0
Check: LazyData
Result: NOTE
    'LazyData' is specified without a 'data' directory
Flavors: r-oldrel-macos-arm64, r-oldrel-macos-x86_64, r-oldrel-windows-x86_64