Last updated on 2025-10-31 02:50:36 CET.
| Flavor | Version | Tinstall | Tcheck | Ttotal | Status | Flags | 
|---|---|---|---|---|---|---|
| r-devel-linux-x86_64-debian-clang | 0.2.0 | 1.87 | 22.72 | 24.59 | NOTE | |
| r-devel-linux-x86_64-debian-gcc | 0.2.0 | 1.53 | 17.88 | 19.41 | NOTE | |
| r-devel-linux-x86_64-fedora-clang | 0.2.0 | 38.16 | NOTE | |||
| r-devel-linux-x86_64-fedora-gcc | 0.2.0 | 36.52 | NOTE | |||
| r-devel-windows-x86_64 | 0.2.0 | 3.00 | 41.00 | 44.00 | NOTE | |
| r-patched-linux-x86_64 | 0.2.0 | 1.76 | 21.63 | 23.39 | NOTE | |
| r-release-linux-x86_64 | 0.2.0 | 1.71 | 21.57 | 23.28 | NOTE | |
| r-release-macos-arm64 | 0.2.0 | 1.00 | 14.00 | 15.00 | NOTE | |
| r-release-macos-x86_64 | 0.2.0 | 2.00 | 24.00 | 26.00 | NOTE | |
| r-release-windows-x86_64 | 0.2.0 | 5.00 | 43.00 | 48.00 | NOTE | |
| r-oldrel-macos-arm64 | 0.2.0 | 1.00 | 13.00 | 14.00 | NOTE | |
| r-oldrel-macos-x86_64 | 0.2.0 | 2.00 | 21.00 | 23.00 | NOTE | |
| r-oldrel-windows-x86_64 | 0.2.0 | 3.00 | 45.00 | 48.00 | NOTE | 
Version: 0.2.0
Check: CRAN incoming feasibility
Result: NOTE
  Maintainer: ‘Nadezda Spiridovska <Spiridovska.N@tsi.lv>’
  
  The Description field contains
    <arXiv:1901.09600v1> and algorithm of parameters estimation is based on
  Please refer to arXiv e-prints via their arXiv DOI <doi:10.48550/arXiv.YYMM.NNNNN>.
Flavors: r-devel-linux-x86_64-debian-clang, r-devel-linux-x86_64-debian-gcc
Version: 0.2.0
Check: Rd files
Result: NOTE
  checkRd: (-1) Aver_soj_time.Rd:25: Lost braces; missing escapes or markup?
      25 | Matrix Q is so-called Generator matrix:  \eqn{Q=\lambda-\Lambda, where \lambda} is matrix with known transition rates from state $s_{i}$ to state $s_{j}$,
         |                                                                                                                                     ^
  checkRd: (-1) Aver_soj_time.Rd:25: Lost braces; missing escapes or markup?
      25 | Matrix Q is so-called Generator matrix:  \eqn{Q=\lambda-\Lambda, where \lambda} is matrix with known transition rates from state $s_{i}$ to state $s_{j}$,
         |                                                                                                                                                      ^
  checkRd: (-1) B_est.Rd:34: Lost braces; missing escapes or markup?
      34 | where vector of average sojourn times in each state $t_{i}$ is calculated using function Aver_soj_time, $t_{i}$ is an element of tGiven, $x_{i}$ is a vector of matrix X.
         |                                                        ^
  checkRd: (-1) B_est.Rd:34: Lost braces; missing escapes or markup?
      34 | where vector of average sojourn times in each state $t_{i}$ is calculated using function Aver_soj_time, $t_{i}$ is an element of tGiven, $x_{i}$ is a vector of matrix X.
         |                                                                                                            ^
  checkRd: (-1) B_est.Rd:34: Lost braces; missing escapes or markup?
      34 | where vector of average sojourn times in each state $t_{i}$ is calculated using function Aver_soj_time, $t_{i}$ is an element of tGiven, $x_{i}$ is a vector of matrix X.
         |                                                                                                                                             ^
  checkRd: (-1) VarY.Rd:31: Lost braces; missing escapes or markup?
      31 | where vector of average sojourn times in each state $t_{i}$ is calculated using function Aver_soj_time
         |                                                        ^
  checkRd: (-1) Ysimulation.Rd:30: Lost braces; missing escapes or markup?
      30 | The i-th response $Y_{i}$ is defined by the following formula: $Y_{i}(t)=x_{i}\eqn{\beta} + Z_{i} sqrt{t}, i=1,...,n.$
         |                      ^
  checkRd: (-1) Ysimulation.Rd:30: Lost braces; missing escapes or markup?
      30 | The i-th response $Y_{i}$ is defined by the following formula: $Y_{i}(t)=x_{i}\eqn{\beta} + Z_{i} sqrt{t}, i=1,...,n.$
         |                                                                   ^
  checkRd: (-1) Ysimulation.Rd:30: Lost braces; missing escapes or markup?
      30 | The i-th response $Y_{i}$ is defined by the following formula: $Y_{i}(t)=x_{i}\eqn{\beta} + Z_{i} sqrt{t}, i=1,...,n.$
         |                                                                            ^
  checkRd: (-1) Ysimulation.Rd:30: Lost braces; missing escapes or markup?
      30 | The i-th response $Y_{i}$ is defined by the following formula: $Y_{i}(t)=x_{i}\eqn{\beta} + Z_{i} sqrt{t}, i=1,...,n.$
         |                                                                                               ^
  checkRd: (-1) Ysimulation.Rd:30: Lost braces
      30 | The i-th response $Y_{i}$ is defined by the following formula: $Y_{i}(t)=x_{i}\eqn{\beta} + Z_{i} sqrt{t}, i=1,...,n.$
         |                                                                                                       ^
  checkRd: (-1) randomizeTau.Rd:29: Lost braces; missing escapes or markup?
      29 | Initial values of observation times are multiplied by a random value ($tau_{i}$ x k x rnd(0, 1)). All times are independent and time of ith observation has uniform distribution on (0, k$tau_{i}$).
         |                                                                            ^
  checkRd: (-1) randomizeTau.Rd:29: Lost braces; missing escapes or markup?
      29 | Initial values of observation times are multiplied by a random value ($tau_{i}$ x k x rnd(0, 1)). All times are independent and time of ith observation has uniform distribution on (0, k$tau_{i}$).
         |                                                                                                                                                                                               ^
  checkRd: (-1) randomizeX.Rd:41: Lost braces; missing escapes or markup?
      41 | Random perturbations are added to the initial values of matrix X elements ($X_{i,j}$ + rnd), which are distributed according to a chosen distribution (possible alternatives: uniform, exponential and gamma distribution).
         |                                                                               ^
Flavors: r-devel-linux-x86_64-debian-clang, r-devel-linux-x86_64-debian-gcc, r-devel-linux-x86_64-fedora-clang, r-devel-linux-x86_64-fedora-gcc, r-devel-windows-x86_64, r-patched-linux-x86_64, r-release-linux-x86_64, r-release-macos-arm64, r-release-macos-x86_64, r-release-windows-x86_64, r-oldrel-macos-arm64, r-oldrel-macos-x86_64, r-oldrel-windows-x86_64
Version: 0.2.0
Check: LazyData
Result: NOTE
    'LazyData' is specified without a 'data' directory
Flavors: r-oldrel-macos-arm64, r-oldrel-macos-x86_64, r-oldrel-windows-x86_64