Last updated on 2025-07-24 02:52:18 CEST.
Flavor | Version | Tinstall | Tcheck | Ttotal | Status | Flags |
---|---|---|---|---|---|---|
r-devel-linux-x86_64-debian-clang | 1.0.39 | 7.80 | 180.10 | 187.90 | OK | |
r-devel-linux-x86_64-debian-gcc | 1.0.39 | 7.24 | 126.50 | 133.74 | OK | |
r-devel-linux-x86_64-fedora-clang | 1.0.39 | 289.73 | OK | |||
r-devel-linux-x86_64-fedora-gcc | 1.0.39 | 293.46 | OK | |||
r-devel-windows-x86_64 | 1.0.39 | 12.00 | 175.00 | 187.00 | OK | |
r-patched-linux-x86_64 | 1.0.39 | 10.69 | 167.80 | 178.49 | ERROR | |
r-release-linux-x86_64 | 1.0.39 | 10.38 | 167.04 | 177.42 | OK | |
r-release-macos-arm64 | 1.0.39 | 86.00 | OK | |||
r-release-macos-x86_64 | 1.0.39 | 169.00 | OK | |||
r-release-windows-x86_64 | 1.0.39 | 11.00 | 176.00 | 187.00 | OK | |
r-oldrel-macos-arm64 | 1.0.39 | 86.00 | OK | |||
r-oldrel-macos-x86_64 | 1.0.39 | 121.00 | OK | |||
r-oldrel-windows-x86_64 | 1.0.39 | 15.00 | 238.00 | 253.00 | OK |
Version: 1.0.39
Check: re-building of vignette outputs
Result: ERROR
Error(s) in re-building vignettes:
...
--- re-building ‘Bird_Parasite_CRF.Rmd’ using rmarkdown
Quitting from Bird_Parasite_CRF.Rmd:295-302 [unnamed-chunk-40]
~~~~~~~~~~~~~~~~~~~~~~~~~~~~~~~~~~~~~~~~~~~~~~~~~~~~~~~~~~~~~~~~~~~~~~~~~~~~~~~~
<error/rlang_error>
Error in `if (preds[x, i] == 0) ...`:
! missing value where TRUE/FALSE needed
---
Backtrace:
▆
1. └─MRFcov::predict_MRFnetworks(...)
2. └─base::lapply(...)
3. └─MRFcov (local) FUN(X[[i]], ...)
~~~~~~~~~~~~~~~~~~~~~~~~~~~~~~~~~~~~~~~~~~~~~~~~~~~~~~~~~~~~~~~~~~~~~~~~~~~~~~~~
Error: processing vignette 'Bird_Parasite_CRF.Rmd' failed with diagnostics:
missing value where TRUE/FALSE needed
--- failed re-building ‘Bird_Parasite_CRF.Rmd’
--- re-building ‘CRF_data_prep.Rmd’ using rmarkdown
--- finished re-building ‘CRF_data_prep.Rmd’
--- re-building ‘Gaussian_Poisson_CRFs.Rmd’ using rmarkdown
--- finished re-building ‘Gaussian_Poisson_CRFs.Rmd’
SUMMARY: processing the following file failed:
‘Bird_Parasite_CRF.Rmd’
Error: Vignette re-building failed.
Execution halted
Flavor: r-patched-linux-x86_64