CRAN Package Check Results for Package MRmediation

Last updated on 2025-07-24 02:52:18 CEST.

Flavor Version Tinstall Tcheck Ttotal Status Flags
r-devel-linux-x86_64-debian-clang 1.0.1 6.92 62.39 69.31 NOTE
r-devel-linux-x86_64-debian-gcc 1.0.1 5.33 49.09 54.42 NOTE
r-devel-linux-x86_64-fedora-clang 1.0.1 105.71 OK
r-devel-linux-x86_64-fedora-gcc 1.0.1 103.71 OK
r-devel-windows-x86_64 1.0.1 8.00 78.00 86.00 OK
r-patched-linux-x86_64 1.0.1 5.54 59.05 64.59 OK
r-release-linux-x86_64 1.0.1 7.60 59.55 67.15 OK
r-release-macos-arm64 1.0.1 44.00 OK
r-release-macos-x86_64 1.0.1 79.00 OK
r-release-windows-x86_64 1.0.1 8.00 73.00 81.00 OK
r-oldrel-macos-arm64 1.0.1 45.00 OK
r-oldrel-macos-x86_64 1.0.1 55.00 OK
r-oldrel-windows-x86_64 1.0.1 10.00 101.00 111.00 OK

Check Details

Version: 1.0.1
Check: CRAN incoming feasibility
Result: NOTE Maintainer: ‘Qi Yan <qy2253@cumc.columbia.edu>’ No Authors@R field in DESCRIPTION. Please add one, modifying Authors@R: person(given = "Qi", family = "Yan", role = c("aut", "cre"), email = "qy2253@cumc.columbia.edu") as necessary. Flavors: r-devel-linux-x86_64-debian-clang, r-devel-linux-x86_64-debian-gcc