Last updated on 2025-10-31 02:50:37 CET.
| Flavor | Version | Tinstall | Tcheck | Ttotal | Status | Flags | 
|---|---|---|---|---|---|---|
| r-devel-linux-x86_64-debian-clang | 3.2 | 31.38 | 165.59 | 196.97 | OK | |
| r-devel-linux-x86_64-debian-gcc | 3.2 | 21.28 | 116.84 | 138.12 | OK | |
| r-devel-linux-x86_64-fedora-clang | 3.2 | 119.00 | 185.21 | 304.21 | OK | |
| r-devel-linux-x86_64-fedora-gcc | 3.2 | 141.00 | 179.38 | 320.38 | OK | |
| r-devel-windows-x86_64 | 3.2 | 34.00 | 166.00 | 200.00 | OK | |
| r-patched-linux-x86_64 | 3.2 | 32.85 | 157.81 | 190.66 | OK | |
| r-release-linux-x86_64 | 3.2 | 30.55 | 157.19 | 187.74 | OK | |
| r-release-macos-arm64 | 3.2 | 14.00 | 66.00 | 80.00 | OK | |
| r-release-macos-x86_64 | 3.2 | 18.00 | 121.00 | 139.00 | OK | |
| r-release-windows-x86_64 | 3.2 | 36.00 | 166.00 | 202.00 | OK | |
| r-oldrel-macos-arm64 | 3.2 | 12.00 | 67.00 | 79.00 | NOTE | |
| r-oldrel-macos-x86_64 | 3.2 | 24.00 | 137.00 | 161.00 | NOTE | |
| r-oldrel-windows-x86_64 | 3.2 | 46.00 | 213.00 | 259.00 | NOTE | 
Version: 3.2
Check: installed package size
Result: NOTE
    installed size is  6.2Mb
    sub-directories of 1Mb or more:
      doc    3.3Mb
      libs   1.6Mb
Flavors: r-oldrel-macos-arm64, r-oldrel-macos-x86_64, r-oldrel-windows-x86_64