Last updated on 2025-10-31 02:50:37 CET.
| Flavor | Version | Tinstall | Tcheck | Ttotal | Status | Flags | 
|---|---|---|---|---|---|---|
| r-devel-linux-x86_64-debian-clang | 1.4.8 | 68.18 | 83.08 | 151.26 | NOTE | |
| r-devel-linux-x86_64-debian-gcc | 1.4.8 | 48.84 | 62.46 | 111.30 | NOTE | |
| r-devel-linux-x86_64-fedora-clang | 1.4.8 | 152.00 | 85.01 | 237.01 | OK | |
| r-devel-linux-x86_64-fedora-gcc | 1.4.8 | 381.00 | -136.79 | 244.21 | OK | |
| r-devel-windows-x86_64 | 1.4.8 | 70.00 | 85.00 | 155.00 | OK | |
| r-patched-linux-x86_64 | 1.4.8 | 72.24 | 82.27 | 154.51 | OK | |
| r-release-linux-x86_64 | 1.4.8 | 68.20 | 85.57 | 153.77 | OK | |
| r-release-macos-arm64 | 1.4.8 | 59.00 | 45.00 | 104.00 | OK | |
| r-release-macos-x86_64 | 1.4.8 | 88.00 | 75.00 | 163.00 | OK | |
| r-release-windows-x86_64 | 1.4.8 | 71.00 | 88.00 | 159.00 | OK | |
| r-oldrel-macos-arm64 | 1.4.8 | 44.00 | 37.00 | 81.00 | OK | |
| r-oldrel-macos-x86_64 | 1.4.8 | 57.00 | 55.00 | 112.00 | OK | |
| r-oldrel-windows-x86_64 | 1.4.8 | 82.00 | 107.00 | 189.00 | OK | 
Version: 1.4.8
Check: CRAN incoming feasibility
Result: NOTE
  Maintainer: ‘Yonghui Dong <yonghui.dong@gmail.com>’
  
  No Authors@R field in DESCRIPTION.
  Please add one, modifying
    Authors@R: person(given = "Yonghui",
                      family = "Dong",
                      role = c("aut", "cre"),
                      email = "yonghui.dong@gmail.com")
  as necessary.
  
  The BugReports field in DESCRIPTION has
    https://github.com/YonghuiDong/MSbox/issues/new
  which should likely be
    https://github.com/YonghuiDong/MSbox/issues/new/issues
  instead.
Flavors: r-devel-linux-x86_64-debian-clang, r-devel-linux-x86_64-debian-gcc