Last updated on 2025-10-31 02:50:35 CET.
| Flavor | Version | Tinstall | Tcheck | Ttotal | Status | Flags | 
|---|---|---|---|---|---|---|
| r-devel-linux-x86_64-debian-clang | 1.7 | 5.63 | 42.78 | 48.41 | NOTE | |
| r-devel-linux-x86_64-debian-gcc | 1.7 | 4.27 | 33.62 | 37.89 | NOTE | |
| r-devel-linux-x86_64-fedora-clang | 1.7 | 13.00 | 59.62 | 72.62 | OK | |
| r-devel-linux-x86_64-fedora-gcc | 1.7 | 29.00 | 42.99 | 71.99 | OK | |
| r-devel-windows-x86_64 | 1.7 | 7.00 | 58.00 | 65.00 | OK | |
| r-patched-linux-x86_64 | 1.7 | 5.17 | 40.31 | 45.48 | OK | |
| r-release-linux-x86_64 | 1.7 | 4.79 | 41.09 | 45.88 | OK | |
| r-release-macos-arm64 | 1.7 | 3.00 | 31.00 | 34.00 | OK | |
| r-release-macos-x86_64 | 1.7 | 4.00 | 36.00 | 40.00 | OK | |
| r-release-windows-x86_64 | 1.7 | 9.00 | 62.00 | 71.00 | OK | |
| r-oldrel-macos-arm64 | 1.7 | 2.00 | 22.00 | 24.00 | OK | |
| r-oldrel-macos-x86_64 | 1.7 | 4.00 | 30.00 | 34.00 | OK | |
| r-oldrel-windows-x86_64 | 1.7 | 9.00 | 70.00 | 79.00 | OK | 
Version: 1.7
Check: CRAN incoming feasibility
Result: NOTE
  Maintainer: ‘Remko Duursma <remkoduursma@gmail.com>’
  
  No Authors@R field in DESCRIPTION.
  Please add one, modifying
    Authors@R: person(given = "Remko",
                      family = "Duursma",
                      role = c("aut", "cre"),
                      email = "remkoduursma@gmail.com")
  as necessary.
Flavors: r-devel-linux-x86_64-debian-clang, r-devel-linux-x86_64-debian-gcc