Last updated on 2025-10-31 02:50:35 CET.
| Flavor | Version | Tinstall | Tcheck | Ttotal | Status | Flags | 
|---|---|---|---|---|---|---|
| r-devel-linux-x86_64-debian-clang | 1.21 | 3.65 | 48.94 | 52.59 | NOTE | |
| r-devel-linux-x86_64-debian-gcc | 1.21 | 2.58 | 36.52 | 39.10 | NOTE | |
| r-devel-linux-x86_64-fedora-clang | 1.21 | 79.98 | NOTE | |||
| r-devel-linux-x86_64-fedora-gcc | 1.21 | 18.00 | 77.30 | 95.30 | NOTE | |
| r-devel-windows-x86_64 | 1.21 | 4.00 | 71.00 | 75.00 | NOTE | |
| r-patched-linux-x86_64 | 1.21 | 3.61 | 45.87 | 49.48 | NOTE | |
| r-release-linux-x86_64 | 1.21 | 3.71 | 46.51 | 50.22 | NOTE | |
| r-release-macos-arm64 | 1.21 | 2.00 | 33.00 | 35.00 | NOTE | |
| r-release-macos-x86_64 | 1.21 | 3.00 | 59.00 | 62.00 | NOTE | |
| r-release-windows-x86_64 | 1.21 | 4.00 | 78.00 | 82.00 | NOTE | |
| r-oldrel-macos-arm64 | 1.21 | 2.00 | 29.00 | 31.00 | NOTE | |
| r-oldrel-macos-x86_64 | 1.21 | 3.00 | 62.00 | 65.00 | NOTE | |
| r-oldrel-windows-x86_64 | 1.21 | 6.00 | 92.00 | 98.00 | NOTE | 
Version: 1.21
Check: CRAN incoming feasibility
Result: NOTE
  Maintainer: ‘Luke Jostins <luke.jostins@kennedy.ox.ac.uk>’
  
  No Authors@R field in DESCRIPTION.
  Please add one, modifying
    Authors@R: person(given = "Luke",
                      family = "Jostins",
                      role = c("aut", "cre"),
                      email = "luke.jostins@kennedy.ox.ac.uk")
  as necessary.
Flavors: r-devel-linux-x86_64-debian-clang, r-devel-linux-x86_64-debian-gcc
Version: 1.21
Check: Rd files
Result: NOTE
  checkRd: (-1) MangroveTree.Rd:37: Lost braces
      37 |       An object of class \\code{\link[Mangrove]{MangrovePed}}
         |                                ^
Flavors: r-devel-linux-x86_64-debian-clang, r-devel-linux-x86_64-debian-gcc, r-devel-linux-x86_64-fedora-clang, r-devel-linux-x86_64-fedora-gcc, r-devel-windows-x86_64, r-patched-linux-x86_64, r-release-linux-x86_64, r-release-macos-arm64, r-release-macos-x86_64, r-release-windows-x86_64, r-oldrel-macos-arm64, r-oldrel-macos-x86_64, r-oldrel-windows-x86_64