Last updated on 2025-10-31 02:50:36 CET.
| Flavor | Version | Tinstall | Tcheck | Ttotal | Status | Flags | 
|---|---|---|---|---|---|---|
| r-devel-linux-x86_64-debian-clang | 1.2.0 | 9.48 | 79.90 | 89.38 | NOTE | |
| r-devel-linux-x86_64-debian-gcc | 1.2.0 | 6.35 | 56.07 | 62.42 | NOTE | |
| r-devel-linux-x86_64-fedora-clang | 1.2.0 | 22.00 | 117.54 | 139.54 | NOTE | |
| r-devel-linux-x86_64-fedora-gcc | 1.2.0 | 32.00 | 119.67 | 151.67 | NOTE | |
| r-devel-windows-x86_64 | 1.2.0 | 10.00 | 83.00 | 93.00 | OK | |
| r-patched-linux-x86_64 | 1.2.0 | 8.15 | 76.26 | 84.41 | NOTE | |
| r-release-linux-x86_64 | 1.2.0 | 8.40 | 74.92 | 83.32 | NOTE | |
| r-release-macos-arm64 | 1.2.0 | 4.00 | 42.00 | 46.00 | OK | |
| r-release-macos-x86_64 | 1.2.0 | 8.00 | 78.00 | 86.00 | OK | |
| r-release-windows-x86_64 | 1.2.0 | 9.00 | 84.00 | 93.00 | OK | |
| r-oldrel-macos-arm64 | 1.2.0 | 4.00 | 40.00 | 44.00 | OK | |
| r-oldrel-macos-x86_64 | 1.2.0 | 8.00 | 62.00 | 70.00 | OK | |
| r-oldrel-windows-x86_64 | 1.2.0 | 12.00 | 103.00 | 115.00 | OK | 
Version: 1.2.0
Check: for non-standard things in the check directory
Result: NOTE
  Found the following files/directories:
    ‘cycHumanBloodData.csv’ ‘cycHumanBloodDesign.csv’
    ‘cycMouseLiverProtein.txt’ ‘cycMouseLiverRNA.csv’ ‘cycSimu4h2d.csv’
    ‘cycYeastCycle.csv’ ‘example’
Flavors: r-devel-linux-x86_64-debian-clang, r-devel-linux-x86_64-debian-gcc, r-devel-linux-x86_64-fedora-clang, r-devel-linux-x86_64-fedora-gcc, r-patched-linux-x86_64, r-release-linux-x86_64