Last updated on 2025-10-30 02:49:06 CET.
| Flavor | Version | Tinstall | Tcheck | Ttotal | Status | Flags | 
|---|---|---|---|---|---|---|
| r-devel-linux-x86_64-debian-clang | 0.1.3 | 5.75 | 57.87 | 63.62 | NOTE | |
| r-devel-linux-x86_64-debian-gcc | 0.1.3 | 4.00 | 40.17 | 44.17 | NOTE | |
| r-devel-linux-x86_64-fedora-clang | 0.1.3 | 10.00 | 87.79 | 97.79 | OK | |
| r-devel-linux-x86_64-fedora-gcc | 0.1.3 | 12.00 | 79.58 | 91.58 | OK | |
| r-devel-windows-x86_64 | 0.1.3 | 8.00 | 66.00 | 74.00 | OK | |
| r-patched-linux-x86_64 | 0.1.3 | 5.71 | 54.02 | 59.73 | OK | |
| r-release-linux-x86_64 | 0.1.3 | 4.90 | 54.21 | 59.11 | OK | |
| r-release-macos-arm64 | 0.1.3 | 4.00 | 28.00 | 32.00 | OK | |
| r-release-macos-x86_64 | 0.1.3 | 5.00 | 40.00 | 45.00 | OK | |
| r-release-windows-x86_64 | 0.1.3 | 7.00 | 68.00 | 75.00 | OK | |
| r-oldrel-macos-arm64 | 0.1.3 | 3.00 | 22.00 | 25.00 | NOTE | |
| r-oldrel-macos-x86_64 | 0.1.3 | 3.00 | 30.00 | 33.00 | NOTE | |
| r-oldrel-windows-x86_64 | 0.1.3 | 10.00 | 85.00 | 95.00 | NOTE | 
Version: 0.1.3
Check: CRAN incoming feasibility
Result: NOTE
  Maintainer: ‘Chia-Wei Hsu <Chia-Wei.Hsu@stjude.org>’
  
  No Authors@R field in DESCRIPTION.
  Please add one, modifying
    Authors@R: c(person(given = "Chia-Wei",
                        family = "Hsu",
                        role = c("aut", "cre"),
                        email = "chia-wei.hsu@stjude.org"),
                 person(given = "Fang",
                        family = "Wang",
                        role = "aut"),
                 person(given = "Rongji",
                        family = "Mu",
                        role = "aut"),
                 person(given = "Haitao",
                        family = "Pan",
                        role = "aut"),
                 person(given = "Guoying",
                        family = "Xu",
                        role = "aut"))
  as necessary.
Flavors: r-devel-linux-x86_64-debian-clang, r-devel-linux-x86_64-debian-gcc
Version: 0.1.3
Check: LazyData
Result: NOTE
    'LazyData' is specified without a 'data' directory
Flavors: r-oldrel-macos-arm64, r-oldrel-macos-x86_64, r-oldrel-windows-x86_64