CRAN Package Check Results for Package MoLE

Last updated on 2025-07-27 02:48:44 CEST.

Flavor Version Tinstall Tcheck Ttotal Status Flags
r-devel-linux-x86_64-debian-clang 1.0.1 10.58 158.56 169.14 NOTE
r-devel-linux-x86_64-debian-gcc 1.0.1 7.45 92.69 100.14 NOTE
r-devel-linux-x86_64-fedora-clang 1.0.1 274.03 NOTE
r-devel-linux-x86_64-fedora-gcc 1.0.1 268.59 NOTE
r-devel-windows-x86_64 1.0.1 11.00 141.00 152.00 NOTE
r-patched-linux-x86_64 1.0.1 12.44 153.60 166.04 NOTE
r-release-linux-x86_64 1.0.1 11.22 151.94 163.16 NOTE
r-release-macos-arm64 1.0.1 57.00 NOTE
r-release-macos-x86_64 1.0.1 133.00 NOTE
r-release-windows-x86_64 1.0.1 11.00 143.00 154.00 NOTE
r-oldrel-macos-arm64 1.0.1 57.00 NOTE
r-oldrel-macos-x86_64 1.0.1 97.00 NOTE
r-oldrel-windows-x86_64 1.0.1 11.00 140.00 151.00 NOTE

Check Details

Version: 1.0.1
Check: CRAN incoming feasibility
Result: NOTE Maintainer: ‘Sander Lestrade <samlestrade@protonmail.com>’ No Authors@R field in DESCRIPTION. Please add one, modifying Authors@R: person(given = "Sander", family = "Lestrade", role = c("aut", "cre"), email = "samlestrade@protonmail.com") as necessary. Flavors: r-devel-linux-x86_64-debian-clang, r-devel-linux-x86_64-debian-gcc

Version: 1.0.1
Check: package subdirectories
Result: NOTE Problems with news in ‘NEWS.md’: No news entries found. Flavors: r-devel-linux-x86_64-debian-clang, r-devel-linux-x86_64-debian-gcc, r-devel-linux-x86_64-fedora-clang, r-devel-linux-x86_64-fedora-gcc, r-devel-windows-x86_64, r-patched-linux-x86_64, r-release-linux-x86_64, r-release-macos-arm64, r-release-macos-x86_64, r-release-windows-x86_64, r-oldrel-macos-arm64, r-oldrel-macos-x86_64, r-oldrel-windows-x86_64

Version: 1.0.1
Check: Rd files
Result: NOTE checkRd: (-1) CHECKSUCCESS.Rd:44: Escaped LaTeX specials: \& Flavors: r-devel-linux-x86_64-debian-clang, r-devel-linux-x86_64-debian-gcc, r-devel-linux-x86_64-fedora-clang, r-devel-linux-x86_64-fedora-gcc, r-devel-windows-x86_64, r-patched-linux-x86_64, r-release-linux-x86_64, r-release-macos-arm64, r-release-macos-x86_64, r-release-windows-x86_64, r-oldrel-macos-arm64, r-oldrel-macos-x86_64, r-oldrel-windows-x86_64