Last updated on 2025-10-31 02:50:37 CET.
| Flavor | Version | Tinstall | Tcheck | Ttotal | Status | Flags | 
|---|---|---|---|---|---|---|
| r-devel-linux-x86_64-debian-clang | 2.4 | 2.04 | 22.47 | 24.51 | NOTE | |
| r-devel-linux-x86_64-debian-gcc | 2.4 | 1.75 | 18.05 | 19.80 | NOTE | |
| r-devel-linux-x86_64-fedora-clang | 2.4 | 38.57 | NOTE | |||
| r-devel-linux-x86_64-fedora-gcc | 2.4 | 35.20 | NOTE | |||
| r-devel-windows-x86_64 | 2.4 | 4.00 | 40.00 | 44.00 | NOTE | |
| r-patched-linux-x86_64 | 2.4 | 2.21 | 21.26 | 23.47 | NOTE | |
| r-release-linux-x86_64 | 2.4 | 2.01 | 21.66 | 23.67 | NOTE | |
| r-release-macos-arm64 | 2.4 | 1.00 | 17.00 | 18.00 | NOTE | |
| r-release-macos-x86_64 | 2.4 | 3.00 | 41.00 | 44.00 | NOTE | |
| r-release-windows-x86_64 | 2.4 | 3.00 | 44.00 | 47.00 | NOTE | |
| r-oldrel-macos-arm64 | 2.4 | 1.00 | 13.00 | 14.00 | NOTE | |
| r-oldrel-macos-x86_64 | 2.4 | 4.00 | 39.00 | 43.00 | NOTE | |
| r-oldrel-windows-x86_64 | 2.4 | 3.00 | 48.00 | 51.00 | NOTE | 
Version: 2.4
Check: CRAN incoming feasibility
Result: NOTE
  Maintainer: ‘Mario Hasler <hasler@email.uni-kiel.de>’
  
  No Authors@R field in DESCRIPTION.
  Please add one, modifying
    Authors@R: person(given = "Mario",
                      family = "Hasler",
                      role = c("aut", "cre"),
                      email = "hasler@email.uni-kiel.de")
  as necessary.
Flavors: r-devel-linux-x86_64-debian-clang, r-devel-linux-x86_64-debian-gcc
Version: 2.4
Check: Rd files
Result: NOTE
  checkRd: (-1) MultEq-package.Rd:26-27: Lost braces in \itemize; meant \describe ?
  checkRd: (-1) MultEq-package.Rd:28-29: Lost braces in \itemize; meant \describe ?
  checkRd: (-1) MultEq-package.Rd:30: Lost braces in \itemize; meant \describe ?
Flavors: r-devel-linux-x86_64-debian-clang, r-devel-linux-x86_64-debian-gcc, r-devel-linux-x86_64-fedora-clang, r-devel-linux-x86_64-fedora-gcc, r-devel-windows-x86_64, r-patched-linux-x86_64, r-release-linux-x86_64, r-release-macos-arm64, r-release-macos-x86_64, r-release-windows-x86_64, r-oldrel-macos-arm64, r-oldrel-macos-x86_64, r-oldrel-windows-x86_64