Last updated on 2025-10-31 02:50:37 CET.
| Flavor | Version | Tinstall | Tcheck | Ttotal | Status | Flags | 
|---|---|---|---|---|---|---|
| r-devel-linux-x86_64-debian-clang | 1.1 | 8.24 | 67.44 | 75.68 | NOTE | |
| r-devel-linux-x86_64-debian-gcc | 1.1 | 6.20 | 50.87 | 57.07 | NOTE | |
| r-devel-linux-x86_64-fedora-clang | 1.1 | 17.00 | 107.71 | 124.71 | OK | |
| r-devel-linux-x86_64-fedora-gcc | 1.1 | 16.00 | 93.68 | 109.68 | OK | |
| r-devel-windows-x86_64 | 1.1 | 8.00 | 73.00 | 81.00 | OK | |
| r-patched-linux-x86_64 | 1.1 | 5.99 | 64.79 | 70.78 | OK | |
| r-release-linux-x86_64 | 1.1 | 7.68 | 63.94 | 71.62 | OK | |
| r-release-macos-arm64 | 1.1 | 4.00 | 31.00 | 35.00 | OK | |
| r-release-macos-x86_64 | 1.1 | 7.00 | 60.00 | 67.00 | OK | |
| r-release-windows-x86_64 | 1.1 | 9.00 | 76.00 | 85.00 | OK | |
| r-oldrel-macos-arm64 | 1.1 | 4.00 | 29.00 | 33.00 | OK | |
| r-oldrel-macos-x86_64 | 1.1 | 6.00 | 43.00 | 49.00 | OK | |
| r-oldrel-windows-x86_64 | 1.1 | 12.00 | 92.00 | 104.00 | OK | 
Version: 1.1
Check: CRAN incoming feasibility
Result: NOTE
  Maintainer: ‘Mohammed Sedki <mohammed.sedki@u-psud.fr>’
  
  No Authors@R field in DESCRIPTION.
  Please add one, modifying
    Authors@R: c(person(given = "Matthieu",
                        family = "Marbac",
                        role = "aut"),
                 person(given = "Mohammed",
                        family = "Sedki",
                        role = c("aut", "cre"),
                        email = "mohammed.sedki@u-psud.fr"))
  as necessary.
Flavors: r-devel-linux-x86_64-debian-clang, r-devel-linux-x86_64-debian-gcc