Last updated on 2025-10-31 02:50:37 CET.
| Flavor | Version | Tinstall | Tcheck | Ttotal | Status | Flags | 
|---|---|---|---|---|---|---|
| r-devel-linux-x86_64-debian-clang | 1.0.1 | 8.09 | 65.00 | 73.09 | NOTE | |
| r-devel-linux-x86_64-debian-gcc | 1.0.1 | 5.44 | 49.24 | 54.68 | NOTE | |
| r-devel-linux-x86_64-fedora-clang | 1.0.1 | 15.00 | 102.94 | 117.94 | OK | |
| r-devel-linux-x86_64-fedora-gcc | 1.0.1 | 15.00 | 91.52 | 106.52 | OK | |
| r-devel-windows-x86_64 | 1.0.1 | 8.00 | 74.00 | 82.00 | OK | |
| r-patched-linux-x86_64 | 1.0.1 | 8.02 | 63.25 | 71.27 | OK | |
| r-release-linux-x86_64 | 1.0.1 | 6.95 | 62.94 | 69.89 | OK | |
| r-release-macos-arm64 | 1.0.1 | 4.00 | 32.00 | 36.00 | OK | |
| r-release-macos-x86_64 | 1.0.1 | 7.00 | 58.00 | 65.00 | OK | |
| r-release-windows-x86_64 | 1.0.1 | 8.00 | 78.00 | 86.00 | OK | |
| r-oldrel-macos-arm64 | 1.0.1 | 3.00 | 30.00 | 33.00 | NOTE | |
| r-oldrel-macos-x86_64 | 1.0.1 | 5.00 | 46.00 | 51.00 | NOTE | |
| r-oldrel-windows-x86_64 | 1.0.1 | 12.00 | 92.00 | 104.00 | NOTE | 
Version: 1.0.1
Check: CRAN incoming feasibility
Result: NOTE
  Maintainer: ‘Bouchra R. Nasri <bouchra.nasri@gmail.com>’
  
  No Authors@R field in DESCRIPTION.
  Please add one, modifying
    Authors@R: person(given = c("Bouchra", "R."),
                      family = "Nasri",
                      role = c("aut", "cre"),
                      email = "bouchra.nasri@gmail.com")
  as necessary.
Flavors: r-devel-linux-x86_64-debian-clang, r-devel-linux-x86_64-debian-gcc
Version: 1.0.1
Check: LazyData
Result: NOTE
    'LazyData' is specified without a 'data' directory
Flavors: r-oldrel-macos-arm64, r-oldrel-macos-x86_64, r-oldrel-windows-x86_64