Last updated on 2025-10-31 02:50:37 CET.
| Flavor | Version | Tinstall | Tcheck | Ttotal | Status | Flags | 
|---|---|---|---|---|---|---|
| r-devel-linux-x86_64-debian-clang | 0.1.8.7 | 9.38 | 79.19 | 88.57 | NOTE | |
| r-devel-linux-x86_64-debian-gcc | 0.1.8.7 | 6.68 | 58.15 | 64.83 | NOTE | |
| r-devel-linux-x86_64-fedora-clang | 0.1.8.7 | 24.00 | 121.95 | 145.95 | OK | |
| r-devel-linux-x86_64-fedora-gcc | 0.1.8.7 | 22.00 | 107.01 | 129.01 | OK | |
| r-devel-windows-x86_64 | 0.1.8.7 | 10.00 | 87.00 | 97.00 | OK | |
| r-patched-linux-x86_64 | 0.1.8.7 | 8.67 | 75.50 | 84.17 | OK | |
| r-release-linux-x86_64 | 0.1.8.7 | 7.99 | 76.62 | 84.61 | OK | |
| r-release-macos-arm64 | 0.1.8.7 | 5.00 | 38.00 | 43.00 | OK | |
| r-release-macos-x86_64 | 0.1.8.7 | 9.00 | 69.00 | 78.00 | OK | |
| r-release-windows-x86_64 | 0.1.8.7 | 10.00 | 88.00 | 98.00 | OK | |
| r-oldrel-macos-arm64 | 0.1.8.7 | 5.00 | 36.00 | 41.00 | OK | |
| r-oldrel-macos-x86_64 | 0.1.8.7 | 8.00 | 52.00 | 60.00 | OK | |
| r-oldrel-windows-x86_64 | 0.1.8.7 | 15.00 | 109.00 | 124.00 | OK | 
Version: 0.1.8.7
Check: CRAN incoming feasibility
Result: NOTE
  Maintainer: ‘Brian P. O'Connor  <brian.oconnor@ubc.ca>’
  
  No Authors@R field in DESCRIPTION.
  Please add one, modifying
    Authors@R: person(given = c("Brian", "P."),
                      family = "O'Connor",
                      role = c("aut", "cre"),
                      email = "brian.oconnor@ubc.ca")
  as necessary.
Flavors: r-devel-linux-x86_64-debian-clang, r-devel-linux-x86_64-debian-gcc