Last updated on 2025-10-31 02:50:37 CET.
| Flavor | Version | Tinstall | Tcheck | Ttotal | Status | Flags | 
|---|---|---|---|---|---|---|
| r-devel-linux-x86_64-debian-clang | 3.1.1 | 80.25 | 115.68 | 195.93 | WARN | |
| r-devel-linux-x86_64-debian-gcc | 3.1.1 | 39.10 | 86.30 | 125.40 | WARN | |
| r-devel-linux-x86_64-fedora-clang | 3.1.1 | 135.00 | 186.73 | 321.73 | NOTE | |
| r-devel-linux-x86_64-fedora-gcc | 3.1.1 | 90.00 | 191.12 | 281.12 | NOTE | |
| r-devel-windows-x86_64 | 3.1.1 | 65.00 | 132.00 | 197.00 | NOTE | |
| r-patched-linux-x86_64 | 3.1.1 | 65.82 | 114.74 | 180.56 | NOTE | |
| r-release-linux-x86_64 | 3.1.1 | 66.27 | 117.02 | 183.29 | NOTE | |
| r-release-macos-arm64 | 3.1.1 | 42.00 | 92.00 | 134.00 | NOTE | |
| r-release-macos-x86_64 | 3.1.1 | 36.00 | 116.00 | 152.00 | NOTE | |
| r-release-windows-x86_64 | 3.1.1 | 71.00 | 133.00 | 204.00 | NOTE | |
| r-oldrel-macos-arm64 | 3.1.1 | 32.00 | 76.00 | 108.00 | NOTE | |
| r-oldrel-macos-x86_64 | 3.1.1 | 38.00 | 92.00 | 130.00 | NOTE | |
| r-oldrel-windows-x86_64 | 3.1.1 | 78.00 | 161.00 | 239.00 | NOTE | 
Version: 3.1.1
Check: CRAN incoming feasibility
Result: NOTE
  Maintainer: ‘Maria Alonso-Pena <maria.alonsopena@kuleuven.be>’
  
  No Authors@R field in DESCRIPTION.
  Please add one, modifying
    Authors@R: c(person(given = "Maria",
                        family = "Alonso-Pena",
                        role = c("aut", "cre"),
                        email = "maria.alonsopena@kuleuven.be"),
                 person(given = "Maria",
                        family = "Oliveira",
                        role = "aut"),
                 person(given = "Jose",
                        family = "Ameijeiras-Alonso",
                        role = "aut"),
                 person(given = c("Rosa", "M."),
                        family = "Crujeiras",
                        role = "aut"),
                 person(given = "Irene",
                        family = "Gijbels",
                        role = "aut"),
                 person(given = "Alberto",
                        family = "Rodriguez-Casal",
                        role = "aut"),
                 person(given = "Felicita",
                        family = "Scapini",
                        role = "dtc"))
  as necessary.
  
  Package CITATION file contains call(s) to old-style personList() or
  as.personList().  Please use c() on person objects instead.
  Package CITATION file contains call(s) to old-style citEntry().  Please
  use bibentry() instead.
Flavors: r-devel-linux-x86_64-debian-clang, r-devel-linux-x86_64-debian-gcc
Version: 3.1.1
Check: whether package can be installed
Result: WARN
  Found the following significant warnings:
    /home/hornik/tmp/R.check/r-devel-clang/Work/build/Packages/RcppArmadillo/include/RcppArmadillo/version/arma.h:66:17: warning: Using fallback compilation with Armadillo 14.6.3. Please consider defining -DARMA_USE_CURRENT and also removing C++11 compilation directive. See GitHub issue #475 for more. [-W#pragma-messages]
  See ‘/home/hornik/tmp/R.check/r-devel-clang/Work/PKGS/NPCirc.Rcheck/00install.out’ for details.
  * used C++ compiler: ‘Debian clang version 19.1.7 (7)’
Flavor: r-devel-linux-x86_64-debian-clang
Version: 3.1.1
Check: C++ specification
Result: NOTE
    Specified C++11: please drop specification unless essential
Flavors: r-devel-linux-x86_64-debian-clang, r-devel-linux-x86_64-debian-gcc, r-devel-linux-x86_64-fedora-clang, r-devel-linux-x86_64-fedora-gcc, r-devel-windows-x86_64, r-patched-linux-x86_64, r-release-linux-x86_64, r-release-macos-arm64, r-release-macos-x86_64, r-release-windows-x86_64, r-oldrel-macos-arm64, r-oldrel-macos-x86_64, r-oldrel-windows-x86_64
Version: 3.1.1
Check: Rd files
Result: NOTE
  checkRd: (-1) plot.regression.circular.Rd:35: Lost braces
      35 |               code{plot.type="circle"} and \code{x} is the output of \code{\link{kern.reg.circ.lin}}) or to \code{\link{lines3d}} (if \code{plot.type="circle"})
         |                   ^
Flavors: r-devel-linux-x86_64-debian-clang, r-devel-linux-x86_64-debian-gcc, r-devel-linux-x86_64-fedora-clang, r-devel-linux-x86_64-fedora-gcc, r-devel-windows-x86_64, r-patched-linux-x86_64, r-release-linux-x86_64, r-release-macos-arm64, r-release-macos-x86_64, r-release-windows-x86_64, r-oldrel-macos-arm64, r-oldrel-macos-x86_64, r-oldrel-windows-x86_64
Version: 3.1.1
Check: Rd cross-references
Result: NOTE
  Found the following Rd file(s) with Rd \link{} targets missing package
  anchors:
    ancova.circ.lin.Rd: circular
    bw.AA.Rd: circular, density.circular
    bw.CV.Rd: circular
    bw.boot.Rd: circular
    bw.circ.local.lik.Rd: circular
    bw.pi.Rd: circular
    bw.reg.circ.lin.Rd: circular
    bw.rt.Rd: circular
    circ.local.lik.Rd: circular
    circsizer.density.Rd: circular
    circsizer.regression.Rd: circular
    dcircmix.Rd: circular
    dpreg.circ.Rd: circular
    dwsn.Rd: circular
    kern.den.circ.Rd: circular, density.circular, plot.density.circular,
      lines.density.circular
    kern.dpreg.circ.Rd: circular
    kern.reg.circ.lin.Rd: circular
    lines.regression.circular.Rd: radial.plot, lines3d
    modalreg.circ.lin.Rd: circular
    noeffect.circ.lin.Rd: circular
    plot.regression.circular.Rd: radial.plot, lines3d
  Please provide package anchors for all Rd \link{} targets not in the
  package itself and the base packages.
Flavors: r-devel-linux-x86_64-debian-clang, r-devel-linux-x86_64-debian-gcc, r-devel-windows-x86_64, r-patched-linux-x86_64, r-release-linux-x86_64, r-release-windows-x86_64
Version: 3.1.1
Check: whether package can be installed
Result: WARN
  Found the following significant warnings:
    /home/hornik/tmp/R.check/r-devel-gcc/Work/build/Packages/RcppArmadillo/include/RcppArmadillo/version/arma.h:66:199: note: ‘#pragma message: Using fallback compilation with Armadillo 14.6.3. Please consider defining -DARMA_USE_CURRENT and also removing C++11 compilation directive. See GitHub issue #475 for more.’
  See ‘/home/hornik/tmp/R.check/r-devel-gcc/Work/PKGS/NPCirc.Rcheck/00install.out’ for details.
  * used C++ compiler: ‘g++-15 (Debian 15.2.0-4) 15.2.0’
Flavor: r-devel-linux-x86_64-debian-gcc