Last updated on 2025-10-31 02:50:37 CET.
| Flavor | Version | Tinstall | Tcheck | Ttotal | Status | Flags | 
|---|---|---|---|---|---|---|
| r-devel-linux-x86_64-debian-clang | 0.8 | 23.85 | 161.97 | 185.82 | NOTE | --no-vignettes | 
| r-devel-linux-x86_64-debian-gcc | 0.8 | 16.99 | 109.93 | 126.92 | NOTE | --no-vignettes | 
| r-devel-linux-x86_64-fedora-clang | 0.8 | 120.00 | 196.93 | 316.93 | NOTE | |
| r-devel-linux-x86_64-fedora-gcc | 0.8 | 55.00 | 223.26 | 278.26 | NOTE | |
| r-devel-windows-x86_64 | 0.8 | 24.00 | 149.00 | 173.00 | NOTE | |
| r-patched-linux-x86_64 | 0.8 | 22.71 | 153.74 | 176.45 | NOTE | --no-vignettes | 
| r-release-linux-x86_64 | 0.8 | 22.94 | 151.78 | 174.72 | NOTE | --no-vignettes | 
| r-release-macos-arm64 | 0.8 | 10.00 | 61.00 | 71.00 | NOTE | |
| r-release-macos-x86_64 | 0.8 | 21.00 | 112.00 | 133.00 | NOTE | |
| r-release-windows-x86_64 | 0.8 | 25.00 | 153.00 | 178.00 | NOTE | |
| r-oldrel-macos-arm64 | 0.8 | 10.00 | 58.00 | 68.00 | NOTE | |
| r-oldrel-macos-x86_64 | 0.8 | 14.00 | 86.00 | 100.00 | NOTE | |
| r-oldrel-windows-x86_64 | 0.8 | 34.00 | 192.00 | 226.00 | NOTE | 
Version: 0.8
Flags: --no-vignettes
Check: CRAN incoming feasibility
Result: NOTE
  Maintainer: ‘Jong Hee Park <jongheepark@snu.ac.kr>’
  
  No Authors@R field in DESCRIPTION.
  Please add one, modifying
    Authors@R: c(person(given = c("Jong", "Hee"),
                        family = "Park",
                        role = c("aut", "cre"),
                        email = "jongheepark@snu.ac.kr"),
                 person(given = "Yunkyu",
                        family = "Sohn",
                        role = "aut"))
  as necessary.
Flavors: r-devel-linux-x86_64-debian-clang, r-devel-linux-x86_64-debian-gcc
Version: 0.8
Flags: --no-vignettes
Check: Rd files
Result: NOTE
  checkRd: (-1) NetworkChange.Rd:163: Escaped LaTeX specials: \&
  checkRd: (-1) NetworkChangeRobust.Rd:144: Escaped LaTeX specials: \&
  checkRd: (-1) NetworkStatic.Rd:142: Escaped LaTeX specials: \&
Flavors: r-devel-linux-x86_64-debian-clang, r-devel-linux-x86_64-debian-gcc, r-patched-linux-x86_64, r-release-linux-x86_64
Version: 0.8
Check: Rd files
Result: NOTE
  checkRd: (-1) NetworkChange.Rd:163: Escaped LaTeX specials: \&
  checkRd: (-1) NetworkChangeRobust.Rd:144: Escaped LaTeX specials: \&
  checkRd: (-1) NetworkStatic.Rd:142: Escaped LaTeX specials: \&
Flavors: r-devel-linux-x86_64-fedora-clang, r-devel-linux-x86_64-fedora-gcc, r-devel-windows-x86_64, r-release-macos-arm64, r-release-macos-x86_64, r-release-windows-x86_64, r-oldrel-macos-arm64, r-oldrel-macos-x86_64, r-oldrel-windows-x86_64