Last updated on 2025-10-31 02:50:37 CET.
| Flavor | Version | Tinstall | Tcheck | Ttotal | Status | Flags | 
|---|---|---|---|---|---|---|
| r-devel-linux-x86_64-debian-clang | 0.2.3 | 2.94 | 32.64 | 35.58 | NOTE | |
| r-devel-linux-x86_64-debian-gcc | 0.2.3 | 1.82 | 25.97 | 27.79 | NOTE | |
| r-devel-linux-x86_64-fedora-clang | 0.2.3 | 56.42 | OK | |||
| r-devel-linux-x86_64-fedora-gcc | 0.2.3 | 124.66 | OK | |||
| r-devel-windows-x86_64 | 0.2.3 | 6.00 | 51.00 | 57.00 | OK | |
| r-patched-linux-x86_64 | 0.2.3 | 1.86 | 30.04 | 31.90 | OK | |
| r-release-linux-x86_64 | 0.2.3 | 2.52 | 30.07 | 32.59 | OK | |
| r-release-macos-arm64 | 0.2.3 | 2.00 | 49.00 | 51.00 | OK | |
| r-release-macos-x86_64 | 0.2.3 | 2.00 | 68.00 | 70.00 | OK | |
| r-release-windows-x86_64 | 0.2.3 | 5.00 | 53.00 | 58.00 | OK | |
| r-oldrel-macos-arm64 | 0.2.3 | 1.00 | 38.00 | 39.00 | OK | |
| r-oldrel-macos-x86_64 | 0.2.3 | 2.00 | 56.00 | 58.00 | OK | |
| r-oldrel-windows-x86_64 | 0.2.3 | 5.00 | 57.00 | 62.00 | OK | 
Version: 0.2.3
Check: CRAN incoming feasibility
Result: NOTE
  Maintainer: ‘Troy D. Hill <Hill.Troy@gmail.com>’
  
  No Authors@R field in DESCRIPTION.
  Please add one, modifying
    Authors@R: c(person(given = c("Troy", "D."),
                        family = "Hill",
                        role = c("aut", "cre"),
                        email = "hill.troy@gmail.com"),
                 person(given = c("Nathalie", "R."),
                        family = "Sommer",
                        role = "aut"),
                 person(given = c("Caroline", "R."),
                        family = "Kanaskie",
                        role = "aut"),
                 person(given = c("Emily", "A."),
                        family = "Santos",
                        role = "aut"),
                 person(given = c("Autumn", "J."),
                        family = "Oczkowski",
                        role = "aut"))
  as necessary.
  
  Found the following \keyword or \concept entries
  which likely give several index terms:
    File ‘CN_mass_data.Rd’:
      \keyword{data,}
      \keyword{isotopes,}
    File ‘allometry.Rd’:
      \keyword{data,}
    File ‘dea.Rd’:
      \keyword{data,}
      \keyword{denitrification,}
    File ‘stemHeights.Rd’:
      \keyword{NAPP,}
      \keyword{biomass,}
      \keyword{data,}
      \keyword{height,}
  
  Found the following URLs which should use \doi (with the DOI name only):
    File ‘CN_mass_data.Rd’:
      https://doi.org/10.1016/j.dib.2018.09.133
      https://doi.org/10.1016/j.jembe.2018.07.006
    File ‘allometry.Rd’:
      https://doi.org/10.1016/j.dib.2018.09.133
      https://doi.org/10.1016/j.jembe.2018.07.006
    File ‘bCM.Rd’:
      https://doi.org/10.1002/ecy.1600
    File ‘dea.Rd’:
      https://doi.org/10.1016/j.dib.2018.09.133
      https://doi.org/10.1016/j.jembe.2018.07.006
    File ‘stemHeights.Rd’:
      https://doi.org/10.1016/j.dib.2018.09.133
      https://doi.org/10.1016/j.jembe.2018.07.006
Flavors: r-devel-linux-x86_64-debian-clang, r-devel-linux-x86_64-debian-gcc