Last updated on 2025-10-31 02:50:38 CET.
| Flavor | Version | Tinstall | Tcheck | Ttotal | Status | Flags | 
|---|---|---|---|---|---|---|
| r-devel-linux-x86_64-debian-clang | 1.0 | 6.87 | 62.42 | 69.29 | NOTE | |
| r-devel-linux-x86_64-debian-gcc | 1.0 | 5.44 | 43.45 | 48.89 | NOTE | |
| r-devel-linux-x86_64-fedora-clang | 1.0 | 20.00 | 82.10 | 102.10 | OK | |
| r-devel-linux-x86_64-fedora-gcc | 1.0 | 18.00 | 82.56 | 100.56 | OK | |
| r-devel-windows-x86_64 | 1.0 | 10.00 | 73.00 | 83.00 | OK | |
| r-patched-linux-x86_64 | 1.0 | 9.21 | 57.07 | 66.28 | OK | |
| r-release-linux-x86_64 | 1.0 | 8.24 | 57.17 | 65.41 | OK | |
| r-release-macos-arm64 | 1.0 | 3.00 | 24.00 | 27.00 | OK | |
| r-release-macos-x86_64 | 1.0 | 6.00 | 38.00 | 44.00 | OK | |
| r-release-windows-x86_64 | 1.0 | 11.00 | 76.00 | 87.00 | OK | |
| r-oldrel-macos-arm64 | 1.0 | 3.00 | 24.00 | 27.00 | NOTE | |
| r-oldrel-macos-x86_64 | 1.0 | 5.00 | 33.00 | 38.00 | NOTE | |
| r-oldrel-windows-x86_64 | 1.0 | 14.00 | 90.00 | 104.00 | NOTE | 
Version: 1.0
Check: CRAN incoming feasibility
Result: NOTE
  Maintainer: ‘Olga Savchuk <olga.y.savchuk@gmail.com>’
  
  No Authors@R field in DESCRIPTION.
  Please add one, modifying
    Authors@R: person(given = "Olga",
                      family = "Savchuk",
                      role = c("aut", "cre"),
                      email = "olga.y.savchuk@gmail.com")
  as necessary.
  
  The Description field contains
    functions, <arXiv:1703.05157>.
  Please refer to arXiv e-prints via their arXiv DOI <doi:10.48550/arXiv.YYMM.NNNNN>.
Flavors: r-devel-linux-x86_64-debian-clang, r-devel-linux-x86_64-debian-gcc
Version: 1.0
Check: LazyData
Result: NOTE
    'LazyData' is specified without a 'data' directory
Flavors: r-oldrel-macos-arm64, r-oldrel-macos-x86_64, r-oldrel-windows-x86_64