Last updated on 2025-10-30 02:49:08 CET.
| Flavor | Version | Tinstall | Tcheck | Ttotal | Status | Flags |
|---|---|---|---|---|---|---|
| r-devel-linux-x86_64-debian-clang | 1.3.2 | 16.56 | 144.11 | 160.67 | OK | |
| r-devel-linux-x86_64-debian-gcc | 1.3.2 | 10.31 | 100.89 | 111.20 | OK | |
| r-devel-linux-x86_64-fedora-clang | 1.4.0 | 96.00 | 226.51 | 322.51 | OK | |
| r-devel-linux-x86_64-fedora-gcc | 1.4.0 | 92.00 | 220.23 | 312.23 | OK | |
| r-devel-windows-x86_64 | 1.3.2 | 20.00 | 138.00 | 158.00 | OK | |
| r-patched-linux-x86_64 | 1.3.2 | 17.31 | 137.75 | 155.06 | OK | |
| r-release-linux-x86_64 | 1.3.2 | 15.45 | 134.33 | 149.78 | OK | |
| r-release-macos-arm64 | 1.4.0 | 25.00 | 44.00 | 69.00 | OK | |
| r-release-macos-x86_64 | 1.4.0 | 53.00 | 154.00 | 207.00 | OK | |
| r-release-windows-x86_64 | 1.3.2 | 20.00 | 138.00 | 158.00 | OK | |
| r-oldrel-macos-arm64 | 1.4.0 | 24.00 | 46.00 | 70.00 | NOTE | |
| r-oldrel-macos-x86_64 | 1.4.0 | 61.00 | 146.00 | 207.00 | NOTE | |
| r-oldrel-windows-x86_64 | 1.3.2 | 26.00 | 184.00 | 210.00 | OK |
Version: 1.4.0
Check: installed package size
Result: NOTE
installed size is 5.0Mb
sub-directories of 1Mb or more:
libs 4.5Mb
Flavors: r-oldrel-macos-arm64, r-oldrel-macos-x86_64