Last updated on 2025-10-30 02:49:08 CET.
| Flavor | Version | Tinstall | Tcheck | Ttotal | Status | Flags | 
|---|---|---|---|---|---|---|
| r-devel-linux-x86_64-debian-clang | 1.0.0 | 41.54 | 416.12 | 457.66 | NOTE | |
| r-devel-linux-x86_64-debian-gcc | 1.0.0 | 31.36 | 292.06 | 323.42 | NOTE | |
| r-devel-linux-x86_64-fedora-clang | 1.0.0 | 229.00 | 529.03 | 758.03 | OK | |
| r-devel-linux-x86_64-fedora-gcc | 1.0.0 | 163.00 | 551.46 | 714.46 | OK | |
| r-devel-windows-x86_64 | 1.0.0 | 37.00 | 344.00 | 381.00 | OK | |
| r-patched-linux-x86_64 | 1.0.0 | 0.32 | 1.89 | 2.21 | ERROR | |
| r-release-linux-x86_64 | 1.0.0 | 36.94 | 384.69 | 421.63 | OK | |
| r-release-macos-arm64 | 1.0.0 | 17.00 | 179.00 | 196.00 | OK | |
| r-release-macos-x86_64 | 1.0.0 | 33.00 | 336.00 | 369.00 | OK | |
| r-release-windows-x86_64 | 1.0.0 | 40.00 | 340.00 | 380.00 | OK | |
| r-oldrel-macos-arm64 | 1.0.0 | 18.00 | 174.00 | 192.00 | OK | |
| r-oldrel-macos-x86_64 | 1.0.0 | 25.00 | 242.00 | 267.00 | OK | |
| r-oldrel-windows-x86_64 | 1.0.0 | 53.00 | 442.00 | 495.00 | OK | 
Version: 1.0.0
Check: CRAN incoming feasibility
Result: NOTE
  Maintainer: ‘Dadong Zhang <dadong.zhang.shared@gmail.com>’
  
  No Authors@R field in DESCRIPTION.
  Please add one, modifying
    Authors@R: person(given = "Dadong",
                      family = "Zhang",
                      role = c("aut", "cre"),
                      email = "dadong.zhang.shared@gmail.com")
  as necessary.
Flavors: r-devel-linux-x86_64-debian-clang, r-devel-linux-x86_64-debian-gcc
Version: 1.0.0
Check: package dependencies
Result: ERROR
  Package required but not available: ‘SummarizedExperiment’
  
  See section ‘The DESCRIPTION file’ in the ‘Writing R Extensions’
  manual.
Flavor: r-patched-linux-x86_64