Last updated on 2025-10-31 02:50:38 CET.
| Flavor | Version | Tinstall | Tcheck | Ttotal | Status | Flags | 
|---|---|---|---|---|---|---|
| r-devel-linux-x86_64-debian-clang | 0.2-10 | 3.31 | 25.91 | 29.22 | NOTE | |
| r-devel-linux-x86_64-debian-gcc | 0.2-10 | 2.86 | 20.31 | 23.17 | NOTE | |
| r-devel-linux-x86_64-fedora-clang | 0.2-10 | 37.88 | NOTE | |||
| r-devel-linux-x86_64-fedora-gcc | 0.2-10 | 36.57 | NOTE | |||
| r-patched-linux-x86_64 | 0.2-10 | 3.43 | 24.70 | 28.13 | NOTE | |
| r-release-linux-x86_64 | 0.2-10 | 3.16 | 24.77 | 27.93 | NOTE | |
| r-release-macos-arm64 | 0.2-10 | 3.00 | 15.00 | 18.00 | NOTE | |
| r-release-macos-x86_64 | 0.2-10 | 4.00 | 25.00 | 29.00 | NOTE | |
| r-oldrel-macos-arm64 | 0.2-10 | 3.00 | 13.00 | 16.00 | NOTE | |
| r-oldrel-macos-x86_64 | 0.2-10 | 3.00 | 18.00 | 21.00 | NOTE | |
| r-oldrel-windows-x86_64 | 0.2-10 | 18.00 | 42.00 | 60.00 | NOTE | 
Version: 0.2-10
Check: CRAN incoming feasibility
Result: NOTE
  Maintainer: ‘Simon Urbanek <Simon.Urbanek@r-project.org>’
  
  No Authors@R field in DESCRIPTION.
  Please add one, modifying
    Authors@R: c(person(given = "Simon",
                        family = "Urbanek",
                        role = c("aut", "cre"),
                        email = "Simon.Urbanek@r-project.org"),
                 person(given = "Aaron",
                        family = "Puchert",
                        role = "aut",
                        email = "aaronpuchert@alice-dsl.net"))
  as necessary.
Flavors: r-devel-linux-x86_64-debian-clang, r-devel-linux-x86_64-debian-gcc
Version: 0.2-10
Check: DESCRIPTION meta-information
Result: NOTE
  License stub is invalid DCF.
Flavors: r-devel-linux-x86_64-debian-clang, r-devel-linux-x86_64-debian-gcc, r-patched-linux-x86_64, r-release-linux-x86_64, r-release-macos-arm64, r-release-macos-x86_64, r-oldrel-macos-arm64, r-oldrel-macos-x86_64
Version: 0.2-10
Check: compiled code
Result: NOTE
  File ‘OpenCL/libs/R_OpenCL.so’:
    Found non-API call to R: ‘DATAPTR’
  
  Compiled code should not call non-API entry points in R.
  
  See ‘Writing portable packages’ in the ‘Writing R Extensions’ manual,
  and section ‘Moving into C API compliance’ for issues with the use of
  non-API entry points.
Flavors: r-devel-linux-x86_64-debian-clang, r-devel-linux-x86_64-debian-gcc, r-devel-linux-x86_64-fedora-clang, r-devel-linux-x86_64-fedora-gcc, r-patched-linux-x86_64, r-release-linux-x86_64, r-release-macos-arm64, r-release-macos-x86_64
Version: 0.2-10
Check: tests
Result: NOTE
    Running ‘buffer.R’ [0s/1s]
    Comparing ‘buffer.Rout’ to ‘buffer.Rout.save’ ...5,10d4
  < > 
  < > if (!length(oclPlatforms())) {
  < +     cat("== Cannot run tests as there is no platform")
  < +     q("no")
  < + }
  < > 
    Running ‘kernel.R’ [3s/5s]
    Comparing ‘kernel.Rout’ to ‘kernel.Rout.save’ ...5,10d4
  < > 
  < > if (!length(oclPlatforms())) {
  < +     cat("== Cannot run tests as there is no platform")
  < +     q("no")
  < + }
  < >
Flavors: r-devel-linux-x86_64-debian-clang, r-release-linux-x86_64
Version: 0.2-10
Check: tests
Result: NOTE
    Running ‘buffer.R’ [0s/1s]
    Comparing ‘buffer.Rout’ to ‘buffer.Rout.save’ ...5,10d4
  < > 
  < > if (!length(oclPlatforms())) {
  < +     cat("== Cannot run tests as there is no platform")
  < +     q("no")
  < + }
  < > 
    Running ‘kernel.R’ [2s/2s]
    Comparing ‘kernel.Rout’ to ‘kernel.Rout.save’ ...5,10d4
  < > 
  < > if (!length(oclPlatforms())) {
  < +     cat("== Cannot run tests as there is no platform")
  < +     q("no")
  < + }
  < >
Flavor: r-devel-linux-x86_64-debian-gcc
Version: 0.2-10
Check: DESCRIPTION meta-information
Result: NOTE
  Licence stub is invalid DCF.
Flavors: r-devel-linux-x86_64-fedora-clang, r-devel-linux-x86_64-fedora-gcc
Version: 0.2-10
Check: tests
Result: NOTE
    Running ‘buffer.R’
    Comparing ‘buffer.Rout’ to ‘buffer.Rout.save’ ...5,10d4
  < > 
  < > if (!length(oclPlatforms())) {
  < +     cat("== Cannot run tests as there is no platform")
  < +     q("no")
  < + }
  < > 
    Running ‘kernel.R’
    Comparing ‘kernel.Rout’ to ‘kernel.Rout.save’ ...5,10d4
  < > 
  < > if (!length(oclPlatforms())) {
  < +     cat("== Cannot run tests as there is no platform")
  < +     q("no")
  < + }
  < >
Flavors: r-devel-linux-x86_64-fedora-clang, r-devel-linux-x86_64-fedora-gcc
Version: 0.2-10
Check: tests
Result: NOTE
    Running ‘buffer.R’ [0s/1s]
    Comparing ‘buffer.Rout’ to ‘buffer.Rout.save’ ...5,10d4
  < > 
  < > if (!length(oclPlatforms())) {
  < +     cat("== Cannot run tests as there is no platform")
  < +     q("no")
  < + }
  < > 
    Running ‘kernel.R’ [3s/4s]
    Comparing ‘kernel.Rout’ to ‘kernel.Rout.save’ ...5,10d4
  < > 
  < > if (!length(oclPlatforms())) {
  < +     cat("== Cannot run tests as there is no platform")
  < +     q("no")
  < + }
  < >
Flavor: r-patched-linux-x86_64
Version: 0.2-10
Check: tests
Result: NOTE
    Running ‘buffer.R’ [0s/0s]
    Comparing ‘buffer.Rout’ to ‘buffer.Rout.save’ ...5,10d4
  < > 
  < > if (!length(oclPlatforms())) {
  < +     cat("== Cannot run tests as there is no platform")
  < +     q("no")
  < + }
  < > 
  77c71
  < OpenCL buffer, 16 elements of type single 
  ---
  > OpenCL buffer, 16 elements of type double 
  79c73
  <  [9] 3.316625 3.464102 3.605551 3.741657 3.872983 4.000000 4.123106 4.242640
  ---
  >  [9] 3.316625 3.464102 3.605551 3.741657 3.872983 4.000000 4.123106 4.242641
    Running ‘kernel.R’ [0s/0s]
    Comparing ‘kernel.Rout’ to ‘kernel.Rout.save’ ...5,10d4
  < > 
  < > if (!length(oclPlatforms())) {
  < +     cat("== Cannot run tests as there is no platform")
  < +     q("no")
  < + }
  < > 
  29c23
  < OpenCL buffer, 16 elements of type single 
  ---
  > OpenCL buffer, 16 elements of type double 
  32,35c26,27
  < OpenCL buffer, 16 elements of type single 
  <  [1]   1.00000   4.00000   9.00000  16.00000  25.00000  36.00001  48.99999
  <  [8]  63.99999  81.00000 100.00000 121.00002 144.00000 169.00000 196.00003
  < [15] 225.00003 256.00000
  ---
  > OpenCL buffer, 16 elements of type double 
  >  [1]   1   4   9  16  25  36  49  64  81 100 121 144 169 196 225 256
  42c34
  < OpenCL buffer, 16 elements of type single 
  ---
  > OpenCL buffer, 16 elements of type double
Flavor: r-release-macos-arm64
Version: 0.2-10
Check: tests
Result: NOTE
    Running ‘buffer.R’ [0s/0s]
    Comparing ‘buffer.Rout’ to ‘buffer.Rout.save’ ...5,10d4
  < > 
  < > if (!length(oclPlatforms())) {
  < +     cat("== Cannot run tests as there is no platform")
  < +     q("no")
  < + }
  < > 
  77c71
  < OpenCL buffer, 16 elements of type single 
  ---
  > OpenCL buffer, 16 elements of type double 
  79c73
  <  [9] 3.316625 3.464102 3.605551 3.741657 3.872983 4.000000 4.123106 4.242640
  ---
  >  [9] 3.316625 3.464102 3.605551 3.741657 3.872983 4.000000 4.123106 4.242641
    Running ‘kernel.R’ [0s/1s]
    Comparing ‘kernel.Rout’ to ‘kernel.Rout.save’ ...5,10d4
  < > 
  < > if (!length(oclPlatforms())) {
  < +     cat("== Cannot run tests as there is no platform")
  < +     q("no")
  < + }
  < > 
  29c23
  < OpenCL buffer, 16 elements of type single 
  ---
  > OpenCL buffer, 16 elements of type double 
  32,35c26,27
  < OpenCL buffer, 16 elements of type single 
  <  [1]   1.00000   4.00000   9.00000  16.00000  25.00000  36.00001  48.99999
  <  [8]  63.99999  81.00000 100.00000 121.00002 144.00000 169.00000 196.00003
  < [15] 225.00003 256.00000
  ---
  > OpenCL buffer, 16 elements of type double 
  >  [1]   1   4   9  16  25  36  49  64  81 100 121 144 169 196 225 256
  42c34
  < OpenCL buffer, 16 elements of type single 
  ---
  > OpenCL buffer, 16 elements of type double
Flavor: r-release-macos-x86_64
Version: 0.2-10
Check: for GNU extensions in Makefiles
Result: NOTE
  GNU make is a SystemRequirements.
Flavors: r-oldrel-macos-arm64, r-oldrel-macos-x86_64, r-oldrel-windows-x86_64