Last updated on 2025-10-31 02:50:38 CET.
| Flavor | Version | Tinstall | Tcheck | Ttotal | Status | Flags | 
|---|---|---|---|---|---|---|
| r-devel-linux-x86_64-debian-clang | 1.2 | 3.45 | 33.94 | 37.39 | NOTE | |
| r-devel-linux-x86_64-debian-gcc | 1.2 | 2.34 | 26.64 | 28.98 | NOTE | |
| r-devel-linux-x86_64-fedora-clang | 1.2 | 56.94 | OK | |||
| r-devel-linux-x86_64-fedora-gcc | 1.2 | 52.38 | OK | |||
| r-devel-windows-x86_64 | 1.2 | 5.00 | 49.00 | 54.00 | OK | |
| r-patched-linux-x86_64 | 1.2 | 3.15 | 31.56 | 34.71 | OK | |
| r-release-linux-x86_64 | 1.2 | 3.07 | 31.31 | 34.38 | OK | |
| r-release-macos-arm64 | 1.2 | 1.00 | 19.00 | 20.00 | OK | |
| r-release-macos-x86_64 | 1.2 | 2.00 | 30.00 | 32.00 | OK | |
| r-release-windows-x86_64 | 1.2 | 5.00 | 51.00 | 56.00 | OK | |
| r-oldrel-macos-arm64 | 1.2 | 1.00 | 18.00 | 19.00 | OK | |
| r-oldrel-macos-x86_64 | 1.2 | 2.00 | 25.00 | 27.00 | OK | |
| r-oldrel-windows-x86_64 | 1.2 | 6.00 | 58.00 | 64.00 | OK | 
Version: 1.2
Check: CRAN incoming feasibility
Result: NOTE
  Maintainer: ‘Enrique del Castillo <exd13@psu.edu>’
  
  No Authors@R field in DESCRIPTION.
  Please add one, modifying
    Authors@R: c(person(given = c("Enrique", "del"),
                        family = "Castillo",
                        role = c("aut", "cre"),
                        email = "exd13@psu.edu"),
                 person(given = "Peng",
                        family = "Chen",
                        role = "aut"),
                 person(given = "Adam",
                        family = "Meyers",
                        role = "aut"),
                 person(given = "John",
                        family = "Hunt",
                        role = "aut"),
                 person(given = "James",
                        family = "Rapkin",
                        role = "aut"))
  as necessary.
Flavors: r-devel-linux-x86_64-debian-clang, r-devel-linux-x86_64-debian-gcc