Last updated on 2025-10-31 02:50:38 CET.
| Flavor | Version | Tinstall | Tcheck | Ttotal | Status | Flags | 
|---|---|---|---|---|---|---|
| r-devel-linux-x86_64-debian-clang | 1.0.0 | 2.58 | 28.68 | 31.26 | NOTE | |
| r-devel-linux-x86_64-debian-gcc | 1.0.0 | 1.80 | 23.18 | 24.98 | NOTE | |
| r-devel-linux-x86_64-fedora-clang | 1.0.0 | 48.06 | OK | |||
| r-devel-linux-x86_64-fedora-gcc | 1.0.0 | 59.34 | OK | |||
| r-devel-windows-x86_64 | 1.0.0 | 4.00 | 47.00 | 51.00 | OK | |
| r-patched-linux-x86_64 | 1.0.0 | 2.64 | 27.06 | 29.70 | OK | |
| r-release-linux-x86_64 | 1.0.0 | 2.31 | 27.09 | 29.40 | OK | |
| r-release-macos-arm64 | 1.0.0 | 1.00 | 23.00 | 24.00 | OK | |
| r-release-macos-x86_64 | 1.0.0 | 2.00 | 40.00 | 42.00 | OK | |
| r-release-windows-x86_64 | 1.0.0 | 5.00 | 57.00 | 62.00 | OK | |
| r-oldrel-macos-arm64 | 1.0.0 | 2.00 | 49.00 | 51.00 | OK | |
| r-oldrel-macos-x86_64 | 1.0.0 | 3.00 | 62.00 | 65.00 | OK | |
| r-oldrel-windows-x86_64 | 1.0.0 | 5.00 | 55.00 | 60.00 | OK | 
Version: 1.0.0
Check: CRAN incoming feasibility
Result: NOTE
  Maintainer: ‘Andres Missiego Manjon <andres.missiego@edu.uah.es>’
  
  No Authors@R field in DESCRIPTION.
  Please add one, modifying
    Authors@R: c(person(given = c("Andres", "Missiego"),
                        family = "Manjon",
                        role = c("aut", "cre"),
                        email = "andres.missiego@edu.uah.es"),
                 person(given = c("Juan", "Jose", "Cuadrado"),
                        family = "Gallego",
                        role = "aut"))
  as necessary.
Flavors: r-devel-linux-x86_64-debian-clang, r-devel-linux-x86_64-debian-gcc