Last updated on 2025-10-31 02:50:38 CET.
| Flavor | Version | Tinstall | Tcheck | Ttotal | Status | Flags | 
|---|---|---|---|---|---|---|
| r-devel-linux-x86_64-debian-clang | 0.0.1 | 66.58 | 69.51 | 136.09 | NOTE | |
| r-devel-linux-x86_64-debian-gcc | 0.0.1 | 57.65 | 57.37 | 115.02 | NOTE | |
| r-devel-linux-x86_64-fedora-clang | 0.0.1 | 125.00 | 95.84 | 220.84 | OK | |
| r-devel-linux-x86_64-fedora-gcc | 0.0.1 | 177.00 | 99.26 | 276.26 | OK | |
| r-devel-windows-x86_64 | 0.0.1 | 62.00 | 95.00 | 157.00 | OK | |
| r-patched-linux-x86_64 | 0.0.1 | 74.31 | 69.11 | 143.42 | OK | |
| r-release-linux-x86_64 | 0.0.1 | 72.13 | 72.37 | 144.50 | OK | |
| r-release-macos-arm64 | 0.0.1 | 30.00 | 31.00 | 61.00 | OK | |
| r-release-macos-x86_64 | 0.0.1 | 60.00 | 77.00 | 137.00 | OK | |
| r-release-windows-x86_64 | 0.0.1 | 64.00 | 96.00 | 160.00 | OK | |
| r-oldrel-macos-arm64 | 0.0.1 | 23.00 | 30.00 | 53.00 | NOTE | |
| r-oldrel-macos-x86_64 | 0.0.1 | 39.00 | 53.00 | 92.00 | NOTE | |
| r-oldrel-windows-x86_64 | 0.0.1 | 75.00 | 124.00 | 199.00 | OK | 
Version: 0.0.1
Check: CRAN incoming feasibility
Result: NOTE
  Maintainer: ‘S. Varet <suzanne.varet@universite-paris-saclay.fr>’
  
  No Authors@R field in DESCRIPTION.
  Please add one, modifying
    Authors@R: person(given = "S.",
                      family = "Varet",
                      role = c("aut", "cre"),
                      email = "suzanne.varet@universite-paris-saclay.fr")
  as necessary.
Flavors: r-devel-linux-x86_64-debian-clang, r-devel-linux-x86_64-debian-gcc
Version: 0.0.1
Check: installed package size
Result: NOTE
    installed size is 36.6Mb
    sub-directories of 1Mb or more:
      libs  36.4Mb
Flavors: r-oldrel-macos-arm64, r-oldrel-macos-x86_64