Last updated on 2025-10-31 02:50:38 CET.
| Flavor | Version | Tinstall | Tcheck | Ttotal | Status | Flags | 
|---|---|---|---|---|---|---|
| r-devel-linux-x86_64-debian-clang | 0.1 | 1.66 | 17.95 | 19.61 | NOTE | |
| r-devel-linux-x86_64-debian-gcc | 0.1 | 1.33 | 15.03 | 16.36 | NOTE | |
| r-devel-linux-x86_64-fedora-clang | 0.1 | 28.60 | OK | |||
| r-devel-linux-x86_64-fedora-gcc | 0.1 | 27.26 | OK | |||
| r-devel-windows-x86_64 | 0.1 | 2.00 | 35.00 | 37.00 | OK | |
| r-patched-linux-x86_64 | 0.1 | 1.67 | 17.08 | 18.75 | OK | |
| r-release-linux-x86_64 | 0.1 | 1.37 | 17.11 | 18.48 | OK | |
| r-release-macos-arm64 | 0.1 | 1.00 | 13.00 | 14.00 | OK | |
| r-release-macos-x86_64 | 0.1 | 1.00 | 21.00 | 22.00 | OK | |
| r-release-windows-x86_64 | 0.1 | 3.00 | 37.00 | 40.00 | OK | |
| r-oldrel-macos-arm64 | 0.1 | 1.00 | 12.00 | 13.00 | NOTE | |
| r-oldrel-macos-x86_64 | 0.1 | 1.00 | 17.00 | 18.00 | NOTE | |
| r-oldrel-windows-x86_64 | 0.1 | 3.00 | 39.00 | 42.00 | NOTE | 
Version: 0.1
Check: CRAN incoming feasibility
Result: NOTE
  Maintainer: ‘J.F. Palomeque-Gonzalez <jfpalomeque.gonzalez@gmail.com>’
  
  No Authors@R field in DESCRIPTION.
  Please add one, modifying
    Authors@R: c(person(given = "J.F.",
                        family = "Palomeque-Gonzalez",
                        role = c("aut", "cre"),
                        email = "jfpalomeque.gonzalez@gmail.com"),
                 person(given = "M.",
                        family = "San-Juan",
                        role = "aut"))
  as necessary.
Flavors: r-devel-linux-x86_64-debian-clang, r-devel-linux-x86_64-debian-gcc
Version: 0.1
Check: LazyData
Result: NOTE
    'LazyData' is specified without a 'data' directory
Flavors: r-oldrel-macos-arm64, r-oldrel-macos-x86_64, r-oldrel-windows-x86_64