Last updated on 2025-10-31 02:50:39 CET.
| Flavor | Version | Tinstall | Tcheck | Ttotal | Status | Flags | 
|---|---|---|---|---|---|---|
| r-devel-linux-x86_64-debian-clang | 1.0.4 | 35.03 | 52.76 | 87.79 | WARN | |
| r-devel-linux-x86_64-debian-gcc | 1.0.4 | 26.14 | 37.23 | 63.37 | WARN | |
| r-devel-linux-x86_64-fedora-clang | 1.0.4 | 81.00 | 66.66 | 147.66 | NOTE | |
| r-devel-linux-x86_64-fedora-gcc | 1.0.4 | 82.00 | 64.07 | 146.07 | NOTE | |
| r-devel-windows-x86_64 | 1.0.4 | 43.00 | 85.00 | 128.00 | NOTE | |
| r-patched-linux-x86_64 | 1.0.4 | 39.25 | 47.76 | 87.01 | NOTE | |
| r-release-linux-x86_64 | 1.0.4 | 40.94 | 48.17 | 89.11 | NOTE | |
| r-release-macos-arm64 | 1.0.4 | 18.00 | 35.00 | 53.00 | NOTE | |
| r-release-macos-x86_64 | 1.0.4 | 30.00 | 55.00 | 85.00 | NOTE | |
| r-release-windows-x86_64 | 1.0.4 | 43.00 | 87.00 | 130.00 | NOTE | |
| r-oldrel-macos-arm64 | 1.0.4 | 15.00 | 27.00 | 42.00 | NOTE | |
| r-oldrel-macos-x86_64 | 1.0.4 | 21.00 | 47.00 | 68.00 | NOTE | |
| r-oldrel-windows-x86_64 | 1.0.4 | 51.00 | 110.00 | 161.00 | NOTE | 
Version: 1.0.4
Check: CRAN incoming feasibility
Result: NOTE
  Maintainer: ‘Shunyao Wu <wushunyao@qdu.edu.cn>’
  
  No Authors@R field in DESCRIPTION.
  Please add one, modifying
    Authors@R: c(person(given = "Shunyao",
                        family = "Wu",
                        role = c("aut", "cre"),
                        email = "wushunyao@qdu.edu.cn"),
                 person(given = "Qi",
                        family = "Zhang",
                        role = "aut"),
                 person(given = "Zhiruo",
                        family = "Li",
                        role = "aut"),
                 person(given = "Hua",
                        family = "Liang",
                        role = "aut"))
  as necessary.
Flavors: r-devel-linux-x86_64-debian-clang, r-devel-linux-x86_64-debian-gcc
Version: 1.0.4
Check: whether package can be installed
Result: WARN
  Found the following significant warnings:
    /home/hornik/tmp/R.check/r-devel-clang/Work/build/Packages/RcppArmadillo/include/RcppArmadillo/version/arma.h:66:17: warning: Using fallback compilation with Armadillo 14.6.3. Please consider defining -DARMA_USE_CURRENT and also removing C++11 compilation directive. See GitHub issue #475 for more. [-W#pragma-messages]
  See ‘/home/hornik/tmp/R.check/r-devel-clang/Work/PKGS/PLSiMCpp.Rcheck/00install.out’ for details.
  * used C++ compiler: ‘Debian clang version 19.1.7 (7)’
Flavor: r-devel-linux-x86_64-debian-clang
Version: 1.0.4
Check: C++ specification
Result: NOTE
    Specified C++11: please drop specification unless essential
Flavors: r-devel-linux-x86_64-debian-clang, r-devel-linux-x86_64-debian-gcc, r-devel-linux-x86_64-fedora-clang, r-devel-linux-x86_64-fedora-gcc, r-devel-windows-x86_64, r-patched-linux-x86_64, r-release-linux-x86_64, r-release-macos-arm64, r-release-macos-x86_64, r-release-windows-x86_64, r-oldrel-macos-arm64, r-oldrel-macos-x86_64, r-oldrel-windows-x86_64
Version: 1.0.4
Check: whether package can be installed
Result: WARN
  Found the following significant warnings:
    /home/hornik/tmp/R.check/r-devel-gcc/Work/build/Packages/RcppArmadillo/include/RcppArmadillo/version/arma.h:66:199: note: ‘#pragma message: Using fallback compilation with Armadillo 14.6.3. Please consider defining -DARMA_USE_CURRENT and also removing C++11 compilation directive. See GitHub issue #475 for more.’
  See ‘/home/hornik/tmp/R.check/r-devel-gcc/Work/PKGS/PLSiMCpp.Rcheck/00install.out’ for details.
  * used C++ compiler: ‘g++-15 (Debian 15.2.0-4) 15.2.0’
Flavor: r-devel-linux-x86_64-debian-gcc
Version: 1.0.4
Check: installed package size
Result: NOTE
    installed size is  5.3Mb
    sub-directories of 1Mb or more:
      libs   5.1Mb
Flavors: r-oldrel-macos-arm64, r-oldrel-macos-x86_64