Last updated on 2025-10-31 02:50:39 CET.
| Flavor | Version | Tinstall | Tcheck | Ttotal | Status | Flags | 
|---|---|---|---|---|---|---|
| r-devel-linux-x86_64-debian-clang | 2.0 | 1.87 | 25.10 | 26.97 | NOTE | |
| r-devel-linux-x86_64-debian-gcc | 2.0 | 1.57 | 18.95 | 20.52 | NOTE | |
| r-devel-linux-x86_64-fedora-clang | 2.0 | 43.58 | OK | |||
| r-devel-linux-x86_64-fedora-gcc | 2.0 | 38.87 | OK | |||
| r-devel-windows-x86_64 | 2.0 | 3.00 | 38.00 | 41.00 | OK | |
| r-patched-linux-x86_64 | 2.0 | 2.09 | 24.04 | 26.13 | OK | |
| r-release-linux-x86_64 | 2.0 | 1.75 | 24.21 | 25.96 | OK | |
| r-release-macos-arm64 | 2.0 | 1.00 | 15.00 | 16.00 | OK | |
| r-release-macos-x86_64 | 2.0 | 2.00 | 23.00 | 25.00 | OK | |
| r-release-windows-x86_64 | 2.0 | 2.00 | 39.00 | 41.00 | OK | |
| r-oldrel-macos-arm64 | 2.0 | 1.00 | 15.00 | 16.00 | OK | |
| r-oldrel-macos-x86_64 | 2.0 | 2.00 | 20.00 | 22.00 | OK | |
| r-oldrel-windows-x86_64 | 2.0 | 2.00 | 40.00 | 42.00 | OK | 
Version: 2.0
Check: CRAN incoming feasibility
Result: NOTE
  Maintainer: ‘Martina Mincheva <m.z.mincheva@gmail.com>’
  
  No Authors@R field in DESCRIPTION.
  Please add one, modifying
    Authors@R: c(person(given = "Jianqing",
                        family = "Fan",
                        role = "aut"),
                 person(given = "Yuan",
                        family = "Liao",
                        role = "aut"),
                 person(given = "Martina",
                        family = "Mincheva",
                        role = c("aut", "cre"),
                        email = "m.z.mincheva@gmail.com"))
  as necessary.
Flavors: r-devel-linux-x86_64-debian-clang, r-devel-linux-x86_64-debian-gcc