Last updated on 2025-10-30 02:49:09 CET.
| Flavor | Version | Tinstall | Tcheck | Ttotal | Status | Flags |
|---|---|---|---|---|---|---|
| r-devel-linux-x86_64-debian-clang | 1.7 | 143.22 | 528.69 | 671.91 | OK | |
| r-devel-linux-x86_64-debian-gcc | 1.7 | 101.95 | 362.76 | 464.71 | OK | |
| r-devel-linux-x86_64-fedora-clang | 1.7 | 900.00 | 295.86 | 1195.86 | OK | |
| r-devel-linux-x86_64-fedora-gcc | 1.7 | 900.00 | 289.68 | 1189.68 | OK | |
| r-devel-windows-x86_64 | 1.7 | 156.00 | 474.00 | 630.00 | OK | |
| r-patched-linux-x86_64 | 1.7 | 0.34 | 2.04 | 2.38 | ERROR | |
| r-release-linux-x86_64 | 1.7 | 136.59 | 511.37 | 647.96 | OK | |
| r-release-macos-arm64 | 1.7 | 57.00 | 127.00 | 184.00 | OK | |
| r-release-macos-x86_64 | 1.7 | 84.00 | 276.00 | 360.00 | OK | |
| r-release-windows-x86_64 | 1.7 | 158.00 | 473.00 | 631.00 | OK | |
| r-oldrel-macos-arm64 | 1.7 | 55.00 | 136.00 | 191.00 | NOTE | |
| r-oldrel-macos-x86_64 | 1.7 | 91.00 | 305.00 | 396.00 | NOTE | |
| r-oldrel-windows-x86_64 | 1.7 | 195.00 | 679.00 | 874.00 | OK |
Version: 1.7
Check: package dependencies
Result: ERROR
Package required but not available: ‘scater’
See section ‘The DESCRIPTION file’ in the ‘Writing R Extensions’
manual.
Flavor: r-patched-linux-x86_64
Version: 1.7
Check: installed package size
Result: NOTE
installed size is 11.8Mb
sub-directories of 1Mb or more:
data 2.2Mb
libs 8.8Mb
Flavors: r-oldrel-macos-arm64, r-oldrel-macos-x86_64