Last updated on 2025-10-31 02:50:39 CET.
| Flavor | Version | Tinstall | Tcheck | Ttotal | Status | Flags | 
|---|---|---|---|---|---|---|
| r-devel-linux-x86_64-debian-clang | 0.1.1 | 1.90 | 20.36 | 22.26 | NOTE | |
| r-devel-linux-x86_64-debian-gcc | 0.1.1 | 1.64 | 17.06 | 18.70 | NOTE | |
| r-devel-linux-x86_64-fedora-clang | 0.1.1 | 33.33 | OK | |||
| r-devel-linux-x86_64-fedora-gcc | 0.1.1 | 31.27 | OK | |||
| r-devel-windows-x86_64 | 0.1.1 | 3.00 | 39.00 | 42.00 | OK | |
| r-patched-linux-x86_64 | 0.1.1 | 1.81 | 19.27 | 21.08 | OK | |
| r-release-linux-x86_64 | 0.1.1 | 1.71 | 19.32 | 21.03 | OK | |
| r-release-macos-arm64 | 0.1.1 | 1.00 | 18.00 | 19.00 | OK | |
| r-release-macos-x86_64 | 0.1.1 | 2.00 | 23.00 | 25.00 | OK | |
| r-release-windows-x86_64 | 0.1.1 | 5.00 | 41.00 | 46.00 | OK | |
| r-oldrel-macos-arm64 | 0.1.1 | 1.00 | 12.00 | 13.00 | OK | |
| r-oldrel-macos-x86_64 | 0.1.1 | 2.00 | 18.00 | 20.00 | OK | |
| r-oldrel-windows-x86_64 | 0.1.1 | 4.00 | 45.00 | 49.00 | OK | 
Version: 0.1.1
Check: CRAN incoming feasibility
Result: NOTE
  Maintainer: ‘Yi Zhao <zhayi@umich.edu>’
  
  The Description field contains
    <arXiv:2105.03993>.
  Please refer to arXiv e-prints via their arXiv DOI <doi:10.48550/arXiv.YYMM.NNNNN>.
Flavors: r-devel-linux-x86_64-debian-clang, r-devel-linux-x86_64-debian-gcc